CRAN Package Check Results for Package popsom

Last updated on 2023-02-02 00:54:54 CET.

Flavor Version Tinstall Tcheck Ttotal Status Flags
r-devel-linux-x86_64-debian-clang 6.0 11.04 104.04 115.08 OK
r-devel-linux-x86_64-debian-gcc 6.0 8.25 73.83 82.08 OK
r-devel-linux-x86_64-fedora-clang 6.0 144.79 OK
r-devel-linux-x86_64-fedora-gcc 6.0 136.34 OK
r-patched-linux-x86_64 6.0 6.45 97.50 103.95 OK
r-release-linux-x86_64 6.0 9.92 103.22 113.14 OK
r-release-macos-arm64 6.0 39.00 OK
r-release-macos-x86_64 6.0 75.00 ERROR
r-release-windows-x86_64 6.0 21.00 147.00 168.00 OK
r-oldrel-macos-arm64 6.0 48.00 OK
r-oldrel-macos-x86_64 6.0 54.00 ERROR
r-oldrel-windows-ix86+x86_64 6.0 25.00 183.00 208.00 ERROR

Check Details

Version: 6.0
Check: tests
Result: ERROR
     Running ‘testthat.R’ [7s/8s]
    Running the tests in ‘tests/testthat.R’ failed.
    Last 13 lines of output:
     ══ Failed tests ════════════════════════════════════════════════════════════════
     ── Failure (test-predict.R:12:3): map.predict function works ───────────────────
     p[56, 1] (`actual`) not equal to "versicolor" (`expected`).
    
     `actual`: "virginica"
     `expected`: "versicolor"
     ── Failure (test-predict.R:13:3): map.predict function works ───────────────────
     p[145, 1] (`actual`) not equal to "virginica" (`expected`).
    
     `actual`: "versicolor"
     `expected`: "virginica"
    
     [ FAIL 2 | WARN 0 | SKIP 0 | PASS 10 ]
     Error: Test failures
     Execution halted
Flavor: r-release-macos-x86_64

Version: 6.0
Check: tests
Result: ERROR
     Running ‘testthat.R’ [5s/5s]
    Running the tests in ‘tests/testthat.R’ failed.
    Last 13 lines of output:
     ══ Failed tests ════════════════════════════════════════════════════════════════
     ── Failure ('test-predict.R:12'): map.predict function works ───────────────────
     p[56, 1] (`actual`) not equal to "versicolor" (`expected`).
    
     `actual`: "virginica"
     `expected`: "versicolor"
     ── Failure ('test-predict.R:13'): map.predict function works ───────────────────
     p[145, 1] (`actual`) not equal to "virginica" (`expected`).
    
     `actual`: "versicolor"
     `expected`: "virginica"
    
     [ FAIL 2 | WARN 0 | SKIP 0 | PASS 10 ]
     Error: Test failures
     Execution halted
Flavor: r-oldrel-macos-x86_64

Version: 6.0
Check: running tests for arch ‘i386’
Result: ERROR
     Running 'testthat.R' [16s]
    Running the tests in 'tests/testthat.R' failed.
    Complete output:
     > library(testthat)
     > library(popsom)
     >
     > test_check("popsom")
     [ FAIL 2 | WARN 0 | SKIP 0 | PASS 10 ]
    
     == Failed tests ================================================================
     -- Failure ('test-predict.R:12'): map.predict function works -------------------
     p[56, 1] (`actual`) not equal to "versicolor" (`expected`).
    
     `actual`: "virginica"
     `expected`: "versicolor"
     -- Failure ('test-predict.R:13'): map.predict function works -------------------
     p[145, 1] (`actual`) not equal to "virginica" (`expected`).
    
     `actual`: "versicolor"
     `expected`: "virginica"
    
     [ FAIL 2 | WARN 0 | SKIP 0 | PASS 10 ]
     Error: Test failures
     Execution halted
Flavor: r-oldrel-windows-ix86+x86_64

Version: 6.0
Check: running tests for arch ‘x64’
Result: ERROR
     Running 'testthat.R' [16s]
    Running the tests in 'tests/testthat.R' failed.
    Complete output:
     > library(testthat)
     > library(popsom)
     >
     > test_check("popsom")
     [ FAIL 2 | WARN 0 | SKIP 0 | PASS 10 ]
    
     == Failed tests ================================================================
     -- Failure ('test-predict.R:12'): map.predict function works -------------------
     p[56, 1] (`actual`) not equal to "versicolor" (`expected`).
    
     `actual`: "virginica"
     `expected`: "versicolor"
     -- Failure ('test-predict.R:13'): map.predict function works -------------------
     p[145, 1] (`actual`) not equal to "virginica" (`expected`).
    
     `actual`: "versicolor"
     `expected`: "virginica"
    
     [ FAIL 2 | WARN 0 | SKIP 0 | PASS 10 ]
     Error: Test failures
     Execution halted
Flavor: r-oldrel-windows-ix86+x86_64