CRAN Package Check Results for Package postpack

Last updated on 2024-06-13 06:58:13 CEST.

Flavor Version Tinstall Tcheck Ttotal Status Flags
r-devel-linux-x86_64-debian-clang 0.5.4 4.16 51.47 55.63 OK
r-devel-linux-x86_64-debian-gcc 0.5.4 0.37 1.85 2.22 ERROR
r-devel-linux-x86_64-fedora-clang 0.5.4 72.14 OK
r-devel-linux-x86_64-fedora-gcc 0.5.4 79.28 OK
r-devel-windows-x86_64 0.5.4 4.00 66.00 70.00 OK
r-patched-linux-x86_64 0.5.4 3.87 49.72 53.59 OK
r-release-linux-x86_64 0.5.4 2.50 49.12 51.62 OK
r-release-macos-arm64 0.5.4 33.00 OK
r-release-macos-x86_64 0.5.4 55.00 OK
r-release-windows-x86_64 0.5.4 5.00 66.00 71.00 OK
r-oldrel-macos-arm64 0.5.4 33.00 OK
r-oldrel-macos-x86_64 0.5.4 47.00 NOTE
r-oldrel-windows-x86_64 0.5.4 6.00 77.00 83.00 OK

Check Details

Version: 0.5.4
Check: package dependencies
Result: ERROR Packages required but not available: 'stringr', 'mcmcse' Packages suggested but not available for checking: 'rstan', 'R2jags', 'nimble' See section ‘The DESCRIPTION file’ in the ‘Writing R Extensions’ manual. Flavor: r-devel-linux-x86_64-debian-gcc

Version: 0.5.4
Check: package dependencies
Result: NOTE Package suggested but not available for checking: ‘rstan’ Flavor: r-oldrel-macos-x86_64

Version: 0.5.4
Check: Rd cross-references
Result: NOTE Package unavailable to check Rd xrefs: ‘rstan’ Flavor: r-oldrel-macos-x86_64