CRAN Package Check Results for Package powdR

Last updated on 2020-06-03 01:50:54 CEST.

Flavor Version Tinstall Tcheck Ttotal Status Flags
r-devel-linux-x86_64-debian-clang 1.2.1 5.53 383.20 388.73 OK
r-devel-linux-x86_64-debian-gcc 1.2.1 5.83 266.91 272.74 OK
r-devel-linux-x86_64-fedora-clang 1.2.1 456.80 NOTE
r-devel-linux-x86_64-fedora-gcc 1.2.1 435.69 NOTE
r-devel-windows-ix86+x86_64 1.2.1 31.00 449.00 480.00 OK
r-patched-linux-x86_64 1.2.1 6.34 373.69 380.03 OK
r-patched-solaris-x86 1.2.1 754.00 NOTE
r-release-linux-x86_64 1.2.1 6.14 372.20 378.34 OK
r-release-osx-x86_64 1.2.1 NOTE
r-release-windows-ix86+x86_64 1.2.1 22.00 349.00 371.00 OK
r-oldrel-osx-x86_64 1.2.1 NOTE
r-oldrel-windows-ix86+x86_64 1.2.1 15.00 335.00 350.00 OK

Check Details

Version: 1.2.1
Check: dependencies in R code
Result: NOTE
    Namespace in Imports field not imported from: ‘utils’
     All declared Imports should be used.
Flavors: r-devel-linux-x86_64-fedora-clang, r-devel-linux-x86_64-fedora-gcc, r-patched-solaris-x86, r-release-osx-x86_64, r-oldrel-osx-x86_64