CRAN Package Check Results for Package powerHaDeX

Last updated on 2022-06-26 01:48:57 CEST.

Flavor Version Tinstall Tcheck Ttotal Status Flags
r-devel-linux-x86_64-debian-clang 1.0 32.11 170.95 203.06 OK
r-devel-linux-x86_64-debian-gcc 1.0 24.66 128.57 153.23 OK
r-devel-linux-x86_64-fedora-clang 1.0 253.39 NOTE
r-devel-linux-x86_64-fedora-gcc 1.0 245.85 NOTE
r-devel-windows-x86_64 1.0 100.00 224.00 324.00 OK
r-patched-linux-x86_64 1.0 29.54 157.64 187.18 OK
r-release-linux-x86_64 1.0 27.20 159.29 186.49 OK
r-release-macos-arm64 1.0 71.00 NOTE
r-release-macos-x86_64 1.0 108.00 NOTE
r-release-windows-x86_64 1.0 110.00 219.00 329.00 OK
r-oldrel-macos-arm64 1.0 76.00 NOTE
r-oldrel-macos-x86_64 1.0 89.00 NOTE
r-oldrel-windows-ix86+x86_64 1.0 75.00 278.00 353.00 OK

Check Details

Version: 1.0
Check: dependencies in R code
Result: NOTE
    Namespaces in Imports field not imported from:
     ‘lme4’ ‘methods’ ‘plyr’
     All declared Imports should be used.
Flavors: r-devel-linux-x86_64-fedora-clang, r-devel-linux-x86_64-fedora-gcc, r-release-macos-arm64, r-release-macos-x86_64, r-oldrel-macos-arm64, r-oldrel-macos-x86_64