Last updated on 2022-05-20 01:51:12 CEST.
Flavor | Version | Tinstall | Tcheck | Ttotal | Status | Flags |
---|---|---|---|---|---|---|
r-devel-linux-x86_64-debian-clang | 0.2.0 | 38.08 | 326.41 | 364.49 | NOTE | |
r-devel-linux-x86_64-debian-gcc | 0.2.0 | 29.03 | 239.39 | 268.42 | NOTE | |
r-devel-linux-x86_64-fedora-clang | 0.2.0 | 415.21 | NOTE | |||
r-devel-linux-x86_64-fedora-gcc | 0.2.0 | 408.09 | NOTE | |||
r-devel-windows-x86_64 | 0.2.0 | 52.00 | 295.00 | 347.00 | NOTE | |
r-patched-linux-x86_64 | 0.2.0 | 34.04 | 307.59 | 341.63 | NOTE | |
r-release-linux-x86_64 | 0.2.0 | 23.57 | 306.53 | 330.10 | NOTE | |
r-release-macos-arm64 | 0.2.0 | 111.00 | NOTE | |||
r-release-macos-x86_64 | 0.2.0 | 177.00 | NOTE | |||
r-release-windows-x86_64 | 0.2.0 | 46.00 | 309.00 | 355.00 | NOTE | |
r-oldrel-macos-arm64 | 0.2.0 | 82.00 | NOTE | |||
r-oldrel-macos-x86_64 | 0.2.0 | 90.00 | NOTE | |||
r-oldrel-windows-ix86+x86_64 | 0.2.0 | 76.00 | 308.00 | 384.00 | NOTE |
Version: 0.2.0
Check: LazyData
Result: NOTE
'LazyData' is specified without a 'data' directory
Flavors: r-devel-linux-x86_64-debian-clang, r-devel-linux-x86_64-debian-gcc, r-devel-linux-x86_64-fedora-clang, r-devel-linux-x86_64-fedora-gcc, r-devel-windows-x86_64, r-patched-linux-x86_64, r-release-linux-x86_64, r-release-macos-arm64, r-release-macos-x86_64, r-release-windows-x86_64, r-oldrel-macos-arm64, r-oldrel-macos-x86_64, r-oldrel-windows-ix86+x86_64