CRAN Package Check Results for Package praise

Last updated on 2021-04-19 02:46:57 CEST.

Flavor Version Tinstall Tcheck Ttotal Status Flags
r-devel-linux-x86_64-debian-clang 1.0.0 1.60 25.07 26.67 NOTE
r-devel-linux-x86_64-debian-gcc 1.0.0 1.29 19.73 21.02 NOTE
r-devel-linux-x86_64-fedora-clang 1.0.0 45.21 NOTE
r-devel-linux-x86_64-fedora-gcc 1.0.0 31.83 NOTE
r-devel-windows-ix86+x86_64 1.0.0 4.00 30.00 34.00 NOTE
r-devel-windows-x86_64-gcc10-UCRT 1.0.0 NOTE
r-patched-linux-x86_64 1.0.0 1.74 24.35 26.09 OK
r-patched-solaris-x86 1.0.0 48.50 OK
r-release-linux-x86_64 1.0.0 1.67 24.27 25.94 OK
r-release-macos-x86_64 1.0.0 OK
r-release-windows-ix86+x86_64 1.0.0 4.00 45.00 49.00 OK
r-oldrel-macos-x86_64 1.0.0 OK
r-oldrel-windows-ix86+x86_64 1.0.0 3.00 40.00 43.00 OK

Check Details

Version: 1.0.0
Check: LazyData
Result: NOTE
     'LazyData' is specified without a 'data' directory
Flavors: r-devel-linux-x86_64-debian-clang, r-devel-linux-x86_64-debian-gcc, r-devel-linux-x86_64-fedora-clang, r-devel-linux-x86_64-fedora-gcc, r-devel-windows-ix86+x86_64, r-devel-windows-x86_64-gcc10-UCRT