CRAN Package Check Results for Package pre

Last updated on 2020-07-03 01:49:10 CEST.

Flavor Version Tinstall Tcheck Ttotal Status Flags
r-devel-linux-x86_64-debian-clang 1.0.0 14.03 130.37 144.40 OK
r-devel-linux-x86_64-debian-gcc 1.0.0 11.07 97.70 108.77 OK
r-devel-linux-x86_64-fedora-clang 1.0.0 170.57 NOTE
r-devel-linux-x86_64-fedora-gcc 1.0.0 162.64 OK
r-devel-windows-ix86+x86_64 1.0.0 28.00 138.00 166.00 OK
r-patched-linux-x86_64 1.0.0 12.14 123.78 135.92 OK
r-patched-solaris-x86 1.0.0 238.90 OK
r-release-linux-x86_64 1.0.0 10.56 124.78 135.34 OK
r-release-osx-x86_64 1.0.0 OK
r-release-windows-ix86+x86_64 1.0.0 19.00 150.00 169.00 OK
r-oldrel-osx-x86_64 1.0.0 OK
r-oldrel-windows-ix86+x86_64 1.0.0 27.00 184.00 211.00 OK

Check Details

Version: 1.0.0
Check: Rd cross-references
Result: NOTE
    Undeclared package ‘colorspace’ in Rd xrefs
Flavor: r-devel-linux-x86_64-fedora-clang