CRAN Package Check Results for Package prediction

Last updated on 2020-09-23 04:00:07 CEST.

Flavor Version Tinstall Tcheck Ttotal Status Flags
r-devel-linux-x86_64-debian-clang 0.3.14 5.74 45.70 51.44 OK
r-devel-linux-x86_64-debian-gcc 0.3.14 3.94 35.55 39.49 OK
r-devel-linux-x86_64-fedora-clang 0.3.14 71.78 OK
r-devel-linux-x86_64-fedora-gcc 0.3.14 88.01 OK
r-devel-windows-ix86+x86_64 0.3.14 11.00 78.00 89.00 NOTE
r-patched-linux-x86_64 0.3.14 5.39 44.24 49.63 OK
r-patched-solaris-x86 0.3.14 83.20 OK
r-release-linux-x86_64 0.3.14 5.04 44.05 49.09 OK
r-release-macos-x86_64 0.3.14 OK
r-release-windows-ix86+x86_64 0.3.14 9.00 67.00 76.00 OK
r-oldrel-macos-x86_64 0.3.14 OK
r-oldrel-windows-ix86+x86_64 0.3.14 7.00 68.00 75.00 OK

Check Details

Version: 0.3.14
Check: package dependencies
Result: NOTE
    Package which this enhances but not available for checking: 'brglm'
Flavor: r-devel-windows-ix86+x86_64

Version: 0.3.14
Check: Rd cross-references
Result: NOTE
    Package unavailable to check Rd xrefs: 'brglm'
Flavor: r-devel-windows-ix86+x86_64