Last updated on 2023-02-02 00:54:54 CET.
Flavor | Version | Tinstall | Tcheck | Ttotal | Status | Flags |
---|---|---|---|---|---|---|
r-devel-linux-x86_64-debian-clang | 0.1.1 | 30.44 | 44.39 | 74.83 | NOTE | |
r-devel-linux-x86_64-debian-gcc | 0.1.1 | 24.18 | 33.80 | 57.98 | NOTE | |
r-devel-linux-x86_64-fedora-clang | 0.1.1 | 106.73 | NOTE | |||
r-devel-linux-x86_64-fedora-gcc | 0.1.1 | 96.80 | NOTE | |||
r-devel-windows-x86_64 | 0.1.1 | 157.00 | 98.00 | 255.00 | NOTE | |
r-patched-linux-x86_64 | 0.1.1 | 30.79 | 43.06 | 73.85 | NOTE | |
r-release-linux-x86_64 | 0.1.1 | 24.81 | 42.33 | 67.14 | NOTE | |
r-release-macos-arm64 | 0.1.1 | 29.00 | NOTE | |||
r-release-macos-x86_64 | 0.1.1 | 39.00 | NOTE | |||
r-release-windows-x86_64 | 0.1.1 | 50.00 | 99.00 | 149.00 | NOTE | |
r-oldrel-macos-arm64 | 0.1.1 | 35.00 | NOTE | |||
r-oldrel-macos-x86_64 | 0.1.1 | 50.00 | NOTE | |||
r-oldrel-windows-ix86+x86_64 | 0.1.1 | 85.00 | 101.00 | 186.00 | NOTE |
Version: 0.1.1
Check: LazyData
Result: NOTE
'LazyData' is specified without a 'data' directory
Flavors: r-devel-linux-x86_64-debian-clang, r-devel-linux-x86_64-debian-gcc, r-devel-linux-x86_64-fedora-clang, r-devel-linux-x86_64-fedora-gcc, r-devel-windows-x86_64, r-patched-linux-x86_64, r-release-linux-x86_64, r-release-macos-arm64, r-release-macos-x86_64, r-release-windows-x86_64, r-oldrel-macos-arm64, r-oldrel-macos-x86_64, r-oldrel-windows-ix86+x86_64