CRAN Package Check Results for Package predkmeans

Last updated on 2023-09-25 08:02:35 CEST.

Flavor Version Tinstall Tcheck Ttotal Status Flags
r-devel-linux-x86_64-debian-clang 0.1.1 30.62 44.41 75.03 NOTE
r-devel-linux-x86_64-debian-gcc 0.1.1 23.76 34.21 57.97 NOTE
r-devel-linux-x86_64-fedora-clang 0.1.1 107.88 NOTE
r-devel-linux-x86_64-fedora-gcc 0.1.1 109.82 NOTE
r-devel-windows-x86_64 0.1.1 31.00 74.00 105.00 NOTE
r-patched-linux-x86_64 0.1.1 37.93 43.80 81.73 NOTE
r-release-linux-x86_64 0.1.1 31.65 43.84 75.49 NOTE
r-release-macos-arm64 0.1.1 35.00 NOTE
r-release-macos-x86_64 0.1.1 50.00 NOTE
r-release-windows-x86_64 0.1.1 36.00 84.00 120.00 NOTE
r-oldrel-macos-arm64 0.1.1 29.00 NOTE
r-oldrel-macos-x86_64 0.1.1 39.00 NOTE
r-oldrel-windows-x86_64 0.1.1 35.00 80.00 115.00 NOTE

Check Details

Version: 0.1.1
Check: LazyData
Result: NOTE
     'LazyData' is specified without a 'data' directory
Flavors: r-devel-linux-x86_64-debian-clang, r-devel-linux-x86_64-debian-gcc, r-devel-linux-x86_64-fedora-clang, r-devel-linux-x86_64-fedora-gcc, r-devel-windows-x86_64, r-patched-linux-x86_64, r-release-linux-x86_64, r-release-macos-arm64, r-release-macos-x86_64, r-release-windows-x86_64, r-oldrel-macos-arm64, r-oldrel-macos-x86_64, r-oldrel-windows-x86_64