CRAN Package Check Results for Package predtoolsTS

Last updated on 2025-01-17 07:49:21 CET.

Flavor Version Tinstall Tcheck Ttotal Status Flags
r-devel-linux-x86_64-debian-clang 0.1.1 1.92 38.66 40.58 OK
r-devel-linux-x86_64-debian-gcc 0.1.1 2.25 29.59 31.84 OK
r-devel-linux-x86_64-fedora-clang 0.1.1 68.82 OK
r-devel-linux-x86_64-fedora-gcc 0.1.1 65.77 OK
r-devel-windows-x86_64 0.1.1 5.00 70.00 75.00 OK
r-patched-linux-x86_64 0.1.1 3.43 37.87 41.30 NOTE
r-release-linux-x86_64 0.1.1 3.02 37.07 40.09 NOTE
r-release-macos-arm64 0.1.1 24.00 NOTE
r-release-macos-x86_64 0.1.1 34.00 NOTE
r-release-windows-x86_64 0.1.1 5.00 69.00 74.00 NOTE
r-oldrel-macos-arm64 0.1.1 27.00 NOTE
r-oldrel-macos-x86_64 0.1.1 35.00 NOTE
r-oldrel-windows-x86_64 0.1.1 5.00 74.00 79.00 NOTE

Check Details

Version: 0.1.1
Check: LazyData
Result: NOTE 'LazyData' is specified without a 'data' directory Flavors: r-patched-linux-x86_64, r-release-linux-x86_64, r-release-macos-arm64, r-release-macos-x86_64, r-release-windows-x86_64, r-oldrel-macos-arm64, r-oldrel-macos-x86_64, r-oldrel-windows-x86_64