CRAN Package Check Results for Package prettifyAddins

Last updated on 2021-11-30 01:50:30 CET.

Flavor Version Tinstall Tcheck Ttotal Status Flags
r-devel-linux-x86_64-debian-clang 2.3.0 6.12 48.24 54.36 OK
r-devel-linux-x86_64-debian-gcc 2.3.0 4.76 38.95 43.71 OK
r-devel-linux-x86_64-fedora-clang 2.3.0 77.34 NOTE
r-devel-linux-x86_64-fedora-gcc 2.3.0 66.86 OK
r-devel-windows-x86_64-new-UL 2.3.0 19.00 92.00 111.00 NOTE
r-devel-windows-x86_64-new-TK 2.3.0 OK
r-devel-windows-x86_64-old 2.3.0 11.00 59.00 70.00 NOTE
r-patched-linux-x86_64 2.3.0 6.81 47.59 54.40 OK
r-patched-solaris-x86 2.3.0 100.70 NOTE
r-release-linux-x86_64 2.3.0 6.26 47.28 53.54 OK
r-release-macos-arm64 2.3.0 NOTE
r-release-macos-x86_64 2.3.0 NOTE
r-release-windows-ix86+x86_64 2.3.0 14.00 52.00 66.00 NOTE
r-oldrel-macos-x86_64 2.3.0 NOTE
r-oldrel-windows-ix86+x86_64 2.3.0 11.00 73.00 84.00 NOTE

Check Details

Version: 2.3.0
Check: installed package size
Result: NOTE
     installed size is 5.6Mb
     sub-directories of 1Mb or more:
     shinyApp 5.4Mb
Flavors: r-devel-linux-x86_64-fedora-clang, r-devel-windows-x86_64-new-UL, r-devel-windows-x86_64-old, r-patched-solaris-x86, r-release-macos-arm64, r-release-macos-x86_64, r-release-windows-ix86+x86_64, r-oldrel-macos-x86_64, r-oldrel-windows-ix86+x86_64