Last updated on 2023-11-30 08:50:04 CET.
Flavor | Version | Tinstall | Tcheck | Ttotal | Status | Flags |
---|---|---|---|---|---|---|
r-devel-linux-x86_64-debian-clang | 1.1.0 | 2.72 | 26.46 | 29.18 | NOTE | |
r-devel-linux-x86_64-debian-gcc | 1.1.0 | 2.04 | 20.58 | 22.62 | NOTE | |
r-devel-linux-x86_64-fedora-clang | 1.1.0 | 36.83 | NOTE | |||
r-devel-linux-x86_64-fedora-gcc | 1.1.0 | 34.23 | NOTE | |||
r-devel-windows-x86_64 | 1.1.0 | 3.00 | 43.00 | 46.00 | NOTE | |
r-patched-linux-x86_64 | 1.1.0 | 2.94 | 25.96 | 28.90 | NOTE | |
r-release-linux-x86_64 | 1.1.0 | 2.70 | 26.15 | 28.85 | NOTE | |
r-release-macos-arm64 | 1.1.0 | 17.00 | NOTE | |||
r-release-macos-x86_64 | 1.1.0 | 22.00 | NOTE | |||
r-release-windows-x86_64 | 1.1.0 | 4.00 | 43.00 | 47.00 | NOTE | |
r-oldrel-macos-arm64 | 1.1.0 | 17.00 | NOTE | |||
r-oldrel-macos-x86_64 | 1.1.0 | 23.00 | NOTE | |||
r-oldrel-windows-x86_64 | 1.1.0 | 4.00 | 47.00 | 51.00 | NOTE |
Version: 1.1.0
Check: LazyData
Result: NOTE
'LazyData' is specified without a 'data' directory
Flavors: r-devel-linux-x86_64-debian-clang, r-devel-linux-x86_64-debian-gcc, r-devel-linux-x86_64-fedora-clang, r-devel-linux-x86_64-fedora-gcc, r-devel-windows-x86_64, r-patched-linux-x86_64, r-release-linux-x86_64, r-release-macos-arm64, r-release-macos-x86_64, r-release-windows-x86_64, r-oldrel-macos-arm64, r-oldrel-macos-x86_64, r-oldrel-windows-x86_64