CRAN Package Check Results for Package prevR

Last updated on 2020-02-20 00:54:23 CET.

Flavor Version Tinstall Tcheck Ttotal Status Flags
r-devel-linux-x86_64-debian-clang 3.4.0 15.60 182.16 197.76 OK
r-devel-linux-x86_64-debian-gcc 3.4.0 13.21 133.58 146.79 OK
r-devel-linux-x86_64-fedora-clang 3.4.0 235.42 OK
r-devel-linux-x86_64-fedora-gcc 3.4.0 229.35 OK
r-devel-windows-ix86+x86_64 3.4.0 36.00 216.00 252.00 OK
r-devel-windows-ix86+x86_64-gcc8 3.4.0 54.00 223.00 277.00 OK
r-patched-linux-x86_64 3.4.0 13.34 162.31 175.65 OK
r-patched-solaris-x86 3.4.0 320.00 OK
r-release-linux-x86_64 3.4.0 10.92 160.88 171.80 OK
r-release-windows-ix86+x86_64 3.4.0 29.00 205.00 234.00 OK
r-release-osx-x86_64 3.4.0 OK
r-oldrel-windows-ix86+x86_64 3.4.0 20.00 193.00 213.00 WARN
r-oldrel-osx-x86_64 3.4.0 OK

Check Details

Version: 3.4.0
Check: whether package can be installed
Result: WARN
    Found the following significant warnings:
     Warning: S3 methods '[.fun_list', '[.grouped_df', 'all.equal.tbl_df', 'anti_join.data.frame', 'anti_join.tbl_df', 'arrange.data.frame', 'arrange.default', 'arrange.grouped_df', 'arrange.tbl_df', 'arrange_.data.frame', 'arrange_.tbl_df', 'as.data.frame.grouped_df', 'as.data.frame.rowwise_df', 'as.data.frame.tbl_cube', 'as.table.tbl_cube', 'as.tbl.data.frame', 'as.tbl.tbl', 'as.tbl_cube.array', 'as.tbl_cube.data.frame', 'as.tbl_cube.matrix', 'as.tbl_cube.table', 'as_tibble.grouped_df', 'as_tibble.tbl_cube', 'auto_copy.tbl_cube', 'auto_copy.tbl_df', 'cbind.grouped_df', 'collapse.data.frame', 'collect.data.frame', 'common_by.NULL', 'common_by.character', 'common_by.default', 'common_by.list', 'compute.data.frame', 'copy_to.DBIConnection', 'copy_to.src_local', 'default_missing.data.frame', 'default_missing.default', 'dim.tbl_cube', 'distinct.data.frame', 'distinct.default', 'distinct.grouped_df', 'distinct.tbl_df', 'distinct_.data.frame', 'distinct_.grouped_df', 'distinct_.tbl_df', 'do.NULL', 'do.da [... truncated]
Flavor: r-oldrel-windows-ix86+x86_64