CRAN Package Check Results for Package prewas

Last updated on 2021-11-29 00:48:37 CET.

Flavor Version Tinstall Tcheck Ttotal Status Flags
r-devel-linux-x86_64-debian-clang 1.1.1 OK
r-devel-linux-x86_64-debian-gcc 1.1.1 2.66 85.85 88.51 OK
r-devel-linux-x86_64-fedora-clang 1.1.1 147.14 NOTE
r-devel-linux-x86_64-fedora-gcc 1.1.1 135.65 NOTE
r-devel-windows-x86_64-new-UL 1.1.1 10.00 156.00 166.00 OK
r-devel-windows-x86_64-new-TK 1.1.1 NOTE
r-devel-windows-x86_64-old 1.1.1 5.00 131.00 136.00 OK
r-patched-linux-x86_64 1.1.1 3.03 107.13 110.16 OK
r-patched-solaris-x86 1.1.1 149.50 NOTE
r-release-linux-x86_64 1.1.1 2.97 107.84 110.81 OK
r-release-macos-arm64 1.1.1 NOTE
r-release-macos-x86_64 1.1.1 NOTE
r-release-windows-ix86+x86_64 1.1.1 7.00 93.00 100.00 OK
r-oldrel-macos-x86_64 1.1.1 NOTE
r-oldrel-windows-ix86+x86_64 1.1.1 17.00 126.00 143.00 OK

Check Details

Version: 1.1.1
Check: dependencies in R code
Result: NOTE
    Namespace in Imports field not imported from: ‘stats’
     All declared Imports should be used.
Flavors: r-devel-linux-x86_64-fedora-clang, r-devel-linux-x86_64-fedora-gcc, r-devel-windows-x86_64-new-TK, r-patched-solaris-x86, r-release-macos-arm64, r-release-macos-x86_64, r-oldrel-macos-x86_64