Last updated on 2022-06-25 01:49:07 CEST.
Flavor | Version | Tinstall | Tcheck | Ttotal | Status | Flags |
---|---|---|---|---|---|---|
r-devel-linux-x86_64-debian-clang | 1.0.4 | 25.04 | 63.55 | 88.59 | OK | |
r-devel-linux-x86_64-debian-gcc | 1.0.4 | 19.48 | 46.70 | 66.18 | OK | |
r-devel-linux-x86_64-fedora-clang | 1.0.4 | 128.73 | WARN | |||
r-devel-linux-x86_64-fedora-gcc | 1.0.4 | 112.41 | WARN | |||
r-devel-windows-x86_64 | 1.0.4 | 29.00 | 102.00 | 131.00 | OK | |
r-patched-linux-x86_64 | 1.0.4 | 20.02 | 59.53 | 79.55 | OK | |
r-release-linux-x86_64 | 1.0.4 | 19.80 | 59.48 | 79.28 | OK | |
r-release-macos-arm64 | 1.0.4 | 35.00 | OK | |||
r-release-macos-x86_64 | 1.0.4 | 55.00 | OK | |||
r-release-windows-x86_64 | 1.0.4 | 29.00 | 101.00 | 130.00 | OK | |
r-oldrel-macos-arm64 | 1.0.4 | 26.00 | OK | |||
r-oldrel-macos-x86_64 | 1.0.4 | 42.00 | OK | |||
r-oldrel-windows-ix86+x86_64 | 1.0.4 | 60.00 | 125.00 | 185.00 | OK |
Version: 1.0.4
Check: package dependencies
Result: WARN
Requires (indirectly) orphaned package: ‘gtools’
Flavors: r-devel-linux-x86_64-fedora-clang, r-devel-linux-x86_64-fedora-gcc