CRAN Package Check Results for Package prinvars

Last updated on 2024-06-20 08:54:55 CEST.

Flavor Version Tinstall Tcheck Ttotal Status Flags
r-devel-linux-x86_64-debian-clang 1.0.0 2.87 42.99 45.86 OK
r-devel-linux-x86_64-debian-gcc 1.0.0 2.95 32.11 35.06 OK
r-devel-linux-x86_64-fedora-clang 1.0.0 58.34 OK
r-devel-linux-x86_64-fedora-gcc 1.0.0 55.94 OK
r-devel-windows-x86_64 1.0.0 4.00 54.00 58.00 OK
r-patched-linux-x86_64 1.0.0 4.35 41.51 45.86 OK
r-release-linux-x86_64 1.0.0 4.34 41.34 45.68 OK
r-release-macos-arm64 1.0.0 22.00 OK
r-release-macos-x86_64 1.0.0 37.00 OK
r-release-windows-x86_64 1.0.0 5.00 57.00 62.00 OK
r-oldrel-macos-arm64 1.0.0 23.00 OK
r-oldrel-macos-x86_64 1.0.0 31.00 NOTE
r-oldrel-windows-x86_64 1.0.0 5.00 58.00 63.00 OK

Check Details

Version: 1.0.0
Check: package dependencies
Result: NOTE Package suggested but not available for checking: ‘AER’ Flavor: r-oldrel-macos-x86_64