CRAN Package Check Results for Package prioriactions

Last updated on 2024-02-21 07:52:37 CET.

Flavor Version Tinstall Tcheck Ttotal Status Flags
r-devel-linux-x86_64-debian-clang 0.5.0 NOTE
r-devel-linux-x86_64-debian-gcc 0.5.0 225.02 87.42 312.44 NOTE
r-devel-linux-x86_64-fedora-clang 0.5.0 606.79 NOTE
r-devel-linux-x86_64-fedora-gcc 0.5.0 601.83 NOTE
r-devel-windows-x86_64 0.5.0 247.00 121.00 368.00 NOTE
r-patched-linux-x86_64 0.5.0 232.92 113.28 346.20 NOTE
r-release-linux-x86_64 0.5.0 203.13 113.20 316.33 NOTE
r-release-macos-arm64 0.5.0 123.00 NOTE
r-release-macos-x86_64 0.5.0 170.00 NOTE
r-release-windows-x86_64 0.5.0 317.00 142.00 459.00 NOTE
r-oldrel-macos-arm64 0.5.0 105.00 NOTE
r-oldrel-windows-x86_64 0.5.0 292.00 132.00 424.00 NOTE

Check Details

Version: 0.5.0
Check: package dependencies
Result: NOTE Packages suggested but not available for checking: 'gurobi', 'rcbc' Flavors: r-devel-linux-x86_64-debian-clang, r-devel-linux-x86_64-debian-gcc, r-patched-linux-x86_64, r-release-linux-x86_64

Version: 0.5.0
Check: package dependencies
Result: NOTE Packages suggested but not available for checking: 'gurobi', 'Rcplex', 'rcbc' Flavors: r-devel-linux-x86_64-fedora-clang, r-devel-linux-x86_64-fedora-gcc, r-devel-windows-x86_64, r-release-macos-arm64, r-release-macos-x86_64, r-release-windows-x86_64, r-oldrel-macos-arm64, r-oldrel-windows-x86_64

Version: 0.5.0
Check: installed package size
Result: NOTE installed size is 5.3Mb sub-directories of 1Mb or more: doc 3.6Mb Flavors: r-devel-linux-x86_64-fedora-clang, r-devel-windows-x86_64, r-release-macos-arm64, r-release-macos-x86_64, r-release-windows-x86_64, r-oldrel-macos-arm64, r-oldrel-windows-x86_64