CRAN Package Check Results for Package prioritizr

Last updated on 2020-07-09 01:57:47 CEST.

Flavor Version Tinstall Tcheck Ttotal Status Flags
r-devel-linux-x86_64-debian-clang 5.0.1 448.47 234.20 682.67 NOTE
r-devel-linux-x86_64-debian-gcc 5.0.1 344.45 175.53 519.98 NOTE
r-devel-linux-x86_64-fedora-clang 5.0.1 936.00 NOTE
r-devel-linux-x86_64-fedora-gcc 5.0.1 882.75 NOTE
r-devel-windows-ix86+x86_64 5.0.1 891.00 377.00 1268.00 NOTE
r-patched-linux-x86_64 5.0.1 359.88 226.24 586.12 NOTE
r-patched-solaris-x86 5.0.1 779.40 NOTE
r-release-linux-x86_64 5.0.1 356.66 228.42 585.08 NOTE
r-release-osx-x86_64 5.0.1 NOTE
r-release-windows-ix86+x86_64 5.0.1 843.00 420.00 1263.00 NOTE
r-oldrel-osx-x86_64 5.0.1 NOTE
r-oldrel-windows-ix86+x86_64 5.0.1 807.00 453.00 1260.00 NOTE

Check Details

Version: 5.0.1
Check: package dependencies
Result: NOTE
    Package suggested but not available for checking: 'gurobi'
Flavors: r-devel-linux-x86_64-debian-clang, r-devel-linux-x86_64-debian-gcc, r-devel-linux-x86_64-fedora-clang, r-devel-linux-x86_64-fedora-gcc, r-devel-windows-ix86+x86_64, r-patched-linux-x86_64, r-release-linux-x86_64, r-release-windows-ix86+x86_64, r-oldrel-windows-ix86+x86_64

Version: 5.0.1
Check: installed package size
Result: NOTE
     installed size is 20.2Mb
     sub-directories of 1Mb or more:
     doc 1.2Mb
     libs 16.8Mb
Flavors: r-devel-linux-x86_64-fedora-clang, r-devel-windows-ix86+x86_64, r-release-osx-x86_64, r-release-windows-ix86+x86_64, r-oldrel-osx-x86_64, r-oldrel-windows-ix86+x86_64

Version: 5.0.1
Check: dependencies in R code
Result: NOTE
    Namespace in Imports field not imported from: ‘exactextractr’
     All declared Imports should be used.
Flavors: r-devel-linux-x86_64-fedora-clang, r-devel-linux-x86_64-fedora-gcc, r-patched-solaris-x86, r-release-osx-x86_64, r-oldrel-osx-x86_64

Version: 5.0.1
Check: package dependencies
Result: NOTE
    Packages suggested but not available for checking:
     'gurobi', 'lpsymphony', 'Rsymphony'
Flavors: r-patched-solaris-x86, r-release-osx-x86_64

Version: 5.0.1
Check: package dependencies
Result: NOTE
    Packages suggested but not available for checking: 'gurobi', 'Rsymphony'
Flavor: r-oldrel-osx-x86_64