CRAN Package Check Results for Package prioritizr

Last updated on 2019-12-06 00:50:06 CET.

Flavor Version Tinstall Tcheck Ttotal Status Flags
r-devel-linux-x86_64-debian-clang 4.1.4 394.31 215.19 609.50 NOTE
r-devel-linux-x86_64-debian-gcc 4.1.4 287.61 165.70 453.31 NOTE
r-devel-linux-x86_64-fedora-clang 4.1.4 835.65 NOTE
r-devel-linux-x86_64-fedora-gcc 4.1.4 774.24 NOTE
r-devel-windows-ix86+x86_64 4.1.4 753.00 448.00 1201.00 NOTE
r-devel-windows-ix86+x86_64-gcc8 4.1.4 761.00 467.00 1228.00 NOTE
r-patched-linux-x86_64 4.1.4 310.13 189.83 499.96 NOTE
r-patched-solaris-x86 4.1.4 702.00 NOTE
r-release-linux-x86_64 4.1.4 302.37 191.51 493.88 NOTE
r-release-windows-ix86+x86_64 4.1.4 730.00 328.00 1058.00 NOTE
r-release-osx-x86_64 4.1.4 NOTE
r-oldrel-windows-ix86+x86_64 4.1.4 684.00 394.00 1078.00 NOTE
r-oldrel-osx-x86_64 4.1.4 NOTE

Check Details

Version: 4.1.4
Check: package dependencies
Result: NOTE
    Package suggested but not available for checking: 'gurobi'
Flavors: r-devel-linux-x86_64-debian-clang, r-devel-linux-x86_64-debian-gcc, r-devel-linux-x86_64-fedora-clang, r-devel-linux-x86_64-fedora-gcc, r-devel-windows-ix86+x86_64, r-devel-windows-ix86+x86_64-gcc8, r-patched-linux-x86_64, r-release-linux-x86_64, r-release-windows-ix86+x86_64, r-oldrel-windows-ix86+x86_64

Version: 4.1.4
Check: installed package size
Result: NOTE
     installed size is 17.1Mb
     sub-directories of 1Mb or more:
     doc 1.2Mb
     libs 14.0Mb
Flavors: r-devel-linux-x86_64-fedora-clang, r-devel-windows-ix86+x86_64, r-devel-windows-ix86+x86_64-gcc8, r-release-windows-ix86+x86_64, r-release-osx-x86_64, r-oldrel-windows-ix86+x86_64, r-oldrel-osx-x86_64

Version: 4.1.4
Check: package dependencies
Result: NOTE
    Packages suggested but not available for checking:
     'gurobi', 'lpsymphony', 'Rsymphony'
Flavor: r-patched-solaris-x86

Version: 4.1.4
Check: package dependencies
Result: NOTE
    Packages suggested but not available for checking: 'gurobi', 'Rsymphony'
Flavor: r-release-osx-x86_64

Version: 4.1.4
Check: package dependencies
Result: NOTE
    Packages suggested but not available for checking:
     ‘gurobi’ ‘lpsymphony’ ‘Rsymphony’
Flavor: r-oldrel-osx-x86_64