CRAN Package Check Results for Package prisonbrief

Last updated on 2023-05-30 08:02:27 CEST.

Flavor Version Tinstall Tcheck Ttotal Status Flags
r-devel-linux-x86_64-debian-clang 0.1.2 7.98 68.06 76.04 OK
r-devel-linux-x86_64-debian-gcc 0.1.2 7.28 51.50 58.78 OK
r-devel-linux-x86_64-fedora-clang 0.1.2 94.06 NOTE
r-devel-linux-x86_64-fedora-gcc 0.1.2 89.24 NOTE
r-devel-windows-x86_64 0.1.2 8.00 69.00 77.00 OK
r-patched-linux-x86_64 0.1.2 6.45 63.96 70.41 OK
r-release-linux-x86_64 0.1.2 5.60 63.71 69.31 OK
r-release-macos-arm64 0.1.2 32.00 OK
r-release-macos-x86_64 0.1.2 48.00 OK
r-release-windows-x86_64 0.1.2 11.00 77.00 88.00 OK
r-oldrel-macos-arm64 0.1.2 33.00 NOTE
r-oldrel-macos-x86_64 0.1.2 49.00 NOTE
r-oldrel-windows-x86_64 0.1.2 11.00 83.00 94.00 OK

Check Details

Version: 0.1.2
Check: data for non-ASCII characters
Result: NOTE
     Note: found 2 marked UTF-8 strings
Flavors: r-devel-linux-x86_64-fedora-clang, r-devel-linux-x86_64-fedora-gcc, r-oldrel-macos-arm64, r-oldrel-macos-x86_64