CRAN Package Check Results for Package probably

Last updated on 2021-06-22 01:49:26 CEST.

Flavor Version Tinstall Tcheck Ttotal Status Flags
r-devel-linux-x86_64-debian-clang 0.0.6 5.12 64.34 69.46 OK
r-devel-linux-x86_64-debian-gcc 0.0.6 4.48 47.96 52.44 OK
r-devel-linux-x86_64-fedora-clang 0.0.6 90.68 OK
r-devel-linux-x86_64-fedora-gcc 0.0.6 80.02 OK
r-devel-windows-x86_64 0.0.6 9.00 75.00 84.00 OK
r-devel-windows-x86_64-gcc10-UCRT 0.0.6 NOTE
r-patched-linux-x86_64 0.0.6 5.15 60.35 65.50 OK
r-patched-solaris-x86 0.0.6 115.20 OK
r-release-linux-x86_64 0.0.6 5.40 59.57 64.97 OK
r-release-macos-arm64 0.0.6 OK
r-release-macos-x86_64 0.0.6 OK
r-release-windows-ix86+x86_64 0.0.6 13.00 85.00 98.00 OK
r-oldrel-macos-x86_64 0.0.6 OK

Check Details

Version: 0.0.6
Check: package dependencies
Result: NOTE
    Package suggested but not available for checking: 'covr'
Flavor: r-devel-windows-x86_64-gcc10-UCRT