CRAN Package Check Results for Package processanimateR

Last updated on 2022-08-15 02:53:50 CEST.

Flavor Version Tinstall Tcheck Ttotal Status Flags
r-devel-linux-x86_64-debian-clang 1.0.5 12.55 134.89 147.44 OK
r-devel-linux-x86_64-debian-gcc 1.0.5 9.70 95.40 105.10 OK
r-devel-linux-x86_64-fedora-clang 1.0.5 181.17 NOTE
r-devel-linux-x86_64-fedora-gcc 1.0.5 173.62 OK
r-devel-windows-x86_64 1.0.5 179.00 175.00 354.00 NOTE
r-patched-linux-x86_64 1.0.5 18.39 121.54 139.93 OK
r-release-linux-x86_64 1.0.5 8.66 121.01 129.67 OK
r-release-macos-arm64 1.0.5 49.00 NOTE
r-release-macos-x86_64 1.0.5 69.00 NOTE
r-release-windows-x86_64 1.0.5 146.00 173.00 319.00 NOTE
r-oldrel-macos-arm64 1.0.5 53.00 NOTE
r-oldrel-macos-x86_64 1.0.5 75.00 NOTE
r-oldrel-windows-ix86+x86_64 1.0.5 29.00 158.00 187.00 NOTE

Check Details

Version: 1.0.5
Check: installed package size
Result: NOTE
     installed size is 11.6Mb
     sub-directories of 1Mb or more:
     doc 8.8Mb
     htmlwidgets 2.6Mb
Flavors: r-devel-linux-x86_64-fedora-clang, r-devel-windows-x86_64, r-release-macos-arm64, r-release-macos-x86_64, r-release-windows-x86_64, r-oldrel-macos-arm64, r-oldrel-macos-x86_64, r-oldrel-windows-ix86+x86_64