CRAN Package Check Results for Package profile

Last updated on 2020-08-06 02:09:33 CEST.

Flavor Version Tinstall Tcheck Ttotal Status Flags
r-devel-linux-x86_64-debian-clang 1.0.2 3.51 40.01 43.52 OK
r-devel-linux-x86_64-debian-gcc 1.0.2 2.59 29.02 31.61 OK
r-devel-linux-x86_64-fedora-clang 1.0.2 57.82 OK
r-devel-linux-x86_64-fedora-gcc 1.0.2 48.00 OK
r-devel-windows-ix86+x86_64 1.0.2 13.00 78.00 91.00 OK
r-patched-linux-x86_64 1.0.2 3.42 37.01 40.43 OK
r-patched-solaris-x86 1.0.2 60.30 NOTE
r-release-linux-x86_64 1.0.2 2.68 37.10 39.78 OK
r-release-macos-x86_64 1.0.2 NOTE
r-release-windows-ix86+x86_64 1.0.2 12.00 52.00 64.00 OK
r-oldrel-macos-x86_64 1.0.2 OK
r-oldrel-windows-ix86+x86_64 1.0.2 7.00 49.00 56.00 OK

Check Details

Version: 1.0.2
Check: package dependencies
Result: NOTE
    Package suggested but not available for checking: ‘RProtoBuf’
Flavor: r-patched-solaris-x86

Version: 1.0.2
Check: package dependencies
Result: NOTE
    Package suggested but not available for checking: ‘dm’
Flavor: r-release-macos-x86_64

Version: 1.0.2
Check: Rd cross-references
Result: NOTE
    Package unavailable to check Rd xrefs: ‘dm’
Flavor: r-release-macos-x86_64