Last updated on 2021-02-25 00:47:48 CET.
Flavor | Version | Tinstall | Tcheck | Ttotal | Status | Flags |
---|---|---|---|---|---|---|
r-devel-linux-x86_64-debian-clang | 0.7.0 | 4.97 | 121.90 | 126.87 | OK | |
r-devel-linux-x86_64-debian-gcc | 0.7.0 | 3.67 | 96.40 | 100.07 | OK | |
r-devel-linux-x86_64-fedora-clang | 0.7.0 | 161.62 | OK | |||
r-devel-linux-x86_64-fedora-gcc | 0.7.0 | 153.57 | OK | |||
r-devel-windows-ix86+x86_64 | 0.7.0 | 8.00 | 223.00 | 231.00 | OK | |
r-patched-linux-x86_64 | 0.7.0 | 4.90 | 123.11 | 128.01 | OK | |
r-patched-solaris-x86 | 0.7.0 | 244.80 | OK | |||
r-release-linux-x86_64 | 0.7.0 | 5.14 | 123.45 | 128.59 | OK | |
r-release-macos-x86_64 | 0.7.0 | OK | ||||
r-release-windows-ix86+x86_64 | 0.7.0 | 8.00 | 256.00 | 264.00 | OK | |
r-oldrel-macos-x86_64 | 0.7.0 | NOTE | ||||
r-oldrel-windows-ix86+x86_64 | 0.7.0 | 5.00 | 228.00 | 233.00 | OK |
Version: 0.7.0
Check: dependencies in R code
Result: NOTE
No protocol specified
No protocol specified
Flavor: r-oldrel-macos-x86_64