CRAN Package Check Results for Package promotionImpact

Last updated on 2021-09-23 01:49:52 CEST.

Flavor Version Tinstall Tcheck Ttotal Status Flags
r-devel-linux-x86_64-debian-clang 0.1.5 10.90 83.35 94.25 OK
r-devel-linux-x86_64-debian-gcc 0.1.5 7.15 62.59 69.74 OK
r-devel-linux-x86_64-fedora-clang 0.1.5 118.46 OK
r-devel-linux-x86_64-fedora-gcc 0.1.5 106.68 OK
r-devel-windows-x86_64 0.1.5 11.00 79.00 90.00 OK
r-devel-windows-x86_64-gcc10-UCRT 0.1.5 ERROR
r-patched-linux-x86_64 0.1.5 9.97 77.89 87.86 OK
r-patched-solaris-x86 0.1.5 156.00 OK
r-release-linux-x86_64 0.1.5 9.98 78.60 88.58 OK
r-release-macos-arm64 0.1.5 OK
r-release-macos-x86_64 0.1.5 OK
r-release-windows-ix86+x86_64 0.1.5 26.00 78.00 104.00 OK
r-oldrel-macos-x86_64 0.1.5 OK
r-oldrel-windows-ix86+x86_64 0.1.5 22.00 82.00 104.00 OK

Check Details

Version: 0.1.5
Check: package dependencies
Result: ERROR
    Package required but not available: 'prophet'
    
    See section 'The DESCRIPTION file' in the 'Writing R Extensions'
    manual.
Flavor: r-devel-windows-x86_64-gcc10-UCRT