CRAN Package Check Results for Package promotionImpact

Last updated on 2021-01-19 00:47:34 CET.

Flavor Version Tinstall Tcheck Ttotal Status Flags
r-devel-linux-x86_64-debian-clang 0.1.4 9.36 82.83 92.19 OK
r-devel-linux-x86_64-debian-gcc 0.1.4 8.14 61.84 69.98 OK
r-devel-linux-x86_64-fedora-clang 0.1.4 119.60 OK
r-devel-linux-x86_64-fedora-gcc 0.1.4 107.30 OK
r-devel-windows-ix86+x86_64 0.1.4 18.00 83.00 101.00 OK
r-patched-linux-x86_64 0.1.4 0.28 2.71 2.99 ERROR
r-patched-solaris-x86 0.1.4 149.20 OK
r-release-linux-x86_64 0.1.4 6.82 78.15 84.97 OK
r-release-macos-x86_64 0.1.4 OK
r-release-windows-ix86+x86_64 0.1.4 19.00 77.00 96.00 OK
r-oldrel-macos-x86_64 0.1.4 OK
r-oldrel-windows-ix86+x86_64 0.1.4 15.00 69.00 84.00 OK

Check Details

Version: 0.1.4
Check: package dependencies
Result: ERROR
    Package required but not available: ‘prophet’
    
    See section ‘The DESCRIPTION file’ in the ‘Writing R Extensions’
    manual.
Flavor: r-patched-linux-x86_64