CRAN Package Check Results for Package prompt

Last updated on 2022-12-06 00:51:18 CET.

Flavor Version Tinstall Tcheck Ttotal Status Flags
r-devel-linux-x86_64-debian-clang 1.0.1 2.66 33.06 35.72 NOTE
r-devel-linux-x86_64-debian-gcc 1.0.1 2.21 25.72 27.93 NOTE
r-devel-linux-x86_64-fedora-clang 1.0.1 55.61 NOTE
r-devel-linux-x86_64-fedora-gcc 1.0.1 54.46 NOTE
r-devel-windows-x86_64 1.0.1 23.00 65.00 88.00 NOTE
r-patched-linux-x86_64 1.0.1 3.37 31.59 34.96 NOTE
r-release-linux-x86_64 1.0.1 2.64 31.65 34.29 NOTE
r-release-macos-arm64 1.0.1 17.00 NOTE
r-release-macos-x86_64 1.0.1 25.00 NOTE
r-release-windows-x86_64 1.0.1 26.00 61.00 87.00 NOTE
r-oldrel-macos-arm64 1.0.1 22.00 NOTE
r-oldrel-macos-x86_64 1.0.1 32.00 NOTE
r-oldrel-windows-ix86+x86_64 1.0.1 8.00 55.00 63.00 NOTE

Check Details

Version: 1.0.1
Check: LazyData
Result: NOTE
     'LazyData' is specified without a 'data' directory
Flavors: r-devel-linux-x86_64-debian-clang, r-devel-linux-x86_64-debian-gcc, r-devel-linux-x86_64-fedora-clang, r-devel-linux-x86_64-fedora-gcc, r-devel-windows-x86_64, r-patched-linux-x86_64, r-release-linux-x86_64, r-release-macos-arm64, r-release-macos-x86_64, r-release-windows-x86_64, r-oldrel-macos-arm64, r-oldrel-macos-x86_64, r-oldrel-windows-ix86+x86_64