CRAN Package Check Results for Package prophet

Last updated on 2020-05-28 01:53:25 CEST.

Flavor Version Tinstall Tcheck Ttotal Status Flags
r-devel-linux-x86_64-debian-clang 0.6.1 125.65 256.72 382.37 NOTE
r-devel-linux-x86_64-debian-gcc 0.6.1 109.71 195.05 304.76 NOTE
r-devel-linux-x86_64-fedora-clang 0.6.1 475.04 NOTE
r-devel-linux-x86_64-fedora-gcc 0.6.1 495.67 NOTE
r-devel-windows-ix86+x86_64 0.6.1 283.00 442.00 725.00 NOTE
r-patched-linux-x86_64 0.6.1 111.34 247.15 358.49 NOTE
r-patched-solaris-x86 0.6.1 269.00 NOTE --no-tests
r-release-linux-x86_64 0.6.1 105.34 248.64 353.98 NOTE
r-release-osx-x86_64 0.6.1 NOTE
r-release-windows-ix86+x86_64 0.6.1 239.00 450.00 689.00 NOTE
r-oldrel-osx-x86_64 0.6.1 NOTE
r-oldrel-windows-ix86+x86_64 0.6.1 218.00 333.00 551.00 NOTE

Additional issues

clang11

Check Details

Version: 0.6.1
Check: for GNU extensions in Makefiles
Result: NOTE
    GNU make is a SystemRequirements.
Flavors: r-devel-linux-x86_64-debian-clang, r-devel-linux-x86_64-debian-gcc, r-devel-linux-x86_64-fedora-clang, r-devel-linux-x86_64-fedora-gcc, r-devel-windows-ix86+x86_64, r-patched-linux-x86_64, r-release-linux-x86_64, r-release-osx-x86_64, r-release-windows-ix86+x86_64, r-oldrel-osx-x86_64, r-oldrel-windows-ix86+x86_64

Version: 0.6.1
Check: installed package size
Result: NOTE
     installed size is 28.9Mb
     sub-directories of 1Mb or more:
     libs 28.3Mb
Flavors: r-devel-linux-x86_64-fedora-clang, r-release-osx-x86_64, r-oldrel-osx-x86_64

Version: 0.6.1
Check: dependencies in R code
Result: NOTE
    Namespaces in Imports field not imported from:
     ‘methods’ ‘rstantools’
     All declared Imports should be used.
Flavors: r-devel-linux-x86_64-fedora-clang, r-devel-linux-x86_64-fedora-gcc, r-release-osx-x86_64, r-oldrel-osx-x86_64

Version: 0.6.1
Flags: --no-tests
Check: dependencies in R code
Result: NOTE
    Namespaces in Imports field not imported from:
     ‘methods’ ‘rstantools’
     All declared Imports should be used.
Flavor: r-patched-solaris-x86

Version: 0.6.1
Flags: --no-tests
Check: for GNU extensions in Makefiles
Result: NOTE
    GNU make is a SystemRequirements.
Flavor: r-patched-solaris-x86