CRAN Package Check Results for Package prophet

Last updated on 2020-09-25 01:48:52 CEST.

Flavor Version Tinstall Tcheck Ttotal Status Flags
r-devel-linux-x86_64-debian-clang 0.6.1 133.66 285.69 419.35 NOTE
r-devel-linux-x86_64-debian-gcc 0.6.1 120.15 235.61 355.76 NOTE
r-devel-linux-x86_64-fedora-clang 0.6.1 567.05 NOTE
r-devel-linux-x86_64-fedora-gcc 0.6.1 570.61 NOTE
r-devel-windows-ix86+x86_64 0.6.1 295.00 8.00 303.00 ERROR
r-patched-linux-x86_64 0.6.1 130.19 292.31 422.50 NOTE
r-patched-solaris-x86 0.6.1 283.10 NOTE --no-tests
r-release-linux-x86_64 0.6.1 0.01 3.20 3.21 ERROR
r-release-macos-x86_64 0.6.1 NOTE
r-release-windows-ix86+x86_64 0.6.1 292.00 9.00 301.00 ERROR
r-oldrel-macos-x86_64 0.6.1 NOTE
r-oldrel-windows-ix86+x86_64 0.6.1 194.00 8.00 202.00 ERROR

Check Details

Version: 0.6.1
Check: for GNU extensions in Makefiles
Result: NOTE
    GNU make is a SystemRequirements.
Flavors: r-devel-linux-x86_64-debian-clang, r-devel-linux-x86_64-debian-gcc, r-devel-linux-x86_64-fedora-clang, r-devel-linux-x86_64-fedora-gcc, r-patched-linux-x86_64, r-release-macos-x86_64, r-oldrel-macos-x86_64

Version: 0.6.1
Check: installed package size
Result: NOTE
     installed size is 34.8Mb
     sub-directories of 1Mb or more:
     libs 34.1Mb
Flavors: r-devel-linux-x86_64-fedora-clang, r-release-macos-x86_64, r-oldrel-macos-x86_64

Version: 0.6.1
Check: dependencies in R code
Result: NOTE
    Namespaces in Imports field not imported from:
     ‘methods’ ‘rstantools’
     All declared Imports should be used.
Flavors: r-devel-linux-x86_64-fedora-clang, r-devel-linux-x86_64-fedora-gcc, r-release-macos-x86_64, r-oldrel-macos-x86_64

Version: 0.6.1
Check: whether package can be installed
Result: ERROR
    Installation failed.
Flavors: r-devel-windows-ix86+x86_64, r-release-linux-x86_64, r-release-windows-ix86+x86_64, r-oldrel-windows-ix86+x86_64

Version: 0.6.1
Flags: --no-tests
Check: dependencies in R code
Result: NOTE
    Namespaces in Imports field not imported from:
     ‘methods’ ‘rstantools’
     All declared Imports should be used.
Flavor: r-patched-solaris-x86

Version: 0.6.1
Flags: --no-tests
Check: for GNU extensions in Makefiles
Result: NOTE
    GNU make is a SystemRequirements.
Flavor: r-patched-solaris-x86