CRAN Package Check Results for Package protViz

Last updated on 2020-10-25 01:47:44 CEST.

Flavor Version Tinstall Tcheck Ttotal Status Flags
r-devel-linux-x86_64-debian-clang 0.6.8 54.53 93.34 147.87 OK
r-devel-linux-x86_64-debian-gcc 0.6.8 41.25 72.96 114.21 OK
r-devel-linux-x86_64-fedora-clang 0.6.8 202.79 NOTE
r-devel-linux-x86_64-fedora-gcc 0.6.8 184.38 OK
r-devel-windows-ix86+x86_64 0.6.8 124.00 190.00 314.00 NOTE
r-patched-linux-x86_64 0.6.8 49.32 89.53 138.85 OK
r-patched-solaris-x86 0.6.8 195.70 OK
r-release-linux-x86_64 0.6.8 50.59 89.68 140.27 OK
r-release-macos-x86_64 0.6.8 NOTE
r-release-windows-ix86+x86_64 0.6.8 94.00 136.00 230.00 NOTE
r-oldrel-macos-x86_64 0.6.8 NOTE
r-oldrel-windows-ix86+x86_64 0.6.8 115.00 124.00 239.00 NOTE

Check Details

Version: 0.6.8
Check: installed package size
Result: NOTE
     installed size is 6.9Mb
     sub-directories of 1Mb or more:
     data 2.1Mb
     libs 3.5Mb
Flavors: r-devel-linux-x86_64-fedora-clang, r-devel-windows-ix86+x86_64, r-release-macos-x86_64, r-release-windows-ix86+x86_64, r-oldrel-macos-x86_64, r-oldrel-windows-ix86+x86_64

Version: 0.6.8
Check: Rd cross-references
Result: NOTE
    Undeclared package ‘XML’ in Rd xrefs
Flavor: r-devel-linux-x86_64-fedora-clang