Last updated on 2023-09-24 08:58:26 CEST.
Flavor | Version | Tinstall | Tcheck | Ttotal | Status | Flags |
---|---|---|---|---|---|---|
r-devel-linux-x86_64-debian-clang | 2.2.0 | 87.29 | 32.81 | 120.10 | OK | |
r-devel-linux-x86_64-debian-gcc | 2.2.0 | 55.08 | 26.36 | 81.44 | OK | |
r-devel-linux-x86_64-fedora-clang | 2.2.0 | 172.97 | NOTE | |||
r-devel-linux-x86_64-fedora-gcc | 2.2.0 | 179.49 | OK | |||
r-devel-windows-x86_64 | 2.2.0 | 59.00 | 88.00 | 147.00 | OK | |
r-patched-linux-x86_64 | 2.2.0 | 78.76 | 32.91 | 111.67 | OK | |
r-release-linux-x86_64 | 2.2.0 | 83.77 | 33.03 | 116.80 | OK | |
r-release-macos-arm64 | 2.2.0 | 47.00 | NOTE | |||
r-release-macos-x86_64 | 2.2.0 | 75.00 | NOTE | |||
r-release-windows-x86_64 | 2.2.0 | 72.00 | 94.00 | 166.00 | OK | |
r-oldrel-macos-arm64 | 2.2.0 | 43.00 | NOTE | |||
r-oldrel-macos-x86_64 | 2.2.0 | 56.00 | NOTE | |||
r-oldrel-windows-x86_64 | 2.2.0 | 87.00 | 84.00 | 171.00 | OK |
Version: 2.2.0
Check: Rd cross-references
Result: NOTE
Undeclared package ‘RProtoBuf’ in Rd xrefs
Flavor: r-devel-linux-x86_64-fedora-clang
Version: 2.2.0
Check: installed package size
Result: NOTE
installed size is 23.7Mb
sub-directories of 1Mb or more:
libs 23.5Mb
Flavors: r-release-macos-arm64, r-release-macos-x86_64, r-oldrel-macos-arm64, r-oldrel-macos-x86_64