CRAN Package Check Results for Package protr

Last updated on 2019-10-15 01:50:29 CEST.

Flavor Version Tinstall Tcheck Ttotal Status Flags
r-devel-linux-x86_64-debian-clang 1.6-2 23.15 99.29 122.44 OK
r-devel-linux-x86_64-debian-gcc 1.6-2 15.91 77.18 93.09 OK
r-devel-linux-x86_64-fedora-clang 1.6-2 145.42 OK
r-devel-linux-x86_64-fedora-gcc 1.6-2 133.18 OK
r-devel-windows-ix86+x86_64 1.6-2 28.00 134.00 162.00 OK
r-patched-linux-x86_64 1.6-2 18.77 99.20 117.97 OK
r-patched-solaris-x86 1.6-2 166.10 OK
r-release-linux-x86_64 1.6-2 17.67 99.33 117.00 OK
r-release-windows-ix86+x86_64 1.6-2 30.00 93.00 123.00 OK
r-release-osx-x86_64 1.6-2 NOTE
r-oldrel-windows-ix86+x86_64 1.6-2 33.00 98.00 131.00 OK
r-oldrel-osx-x86_64 1.6-2 OK

Check Details

Version: 1.6-2
Check: package dependencies
Result: NOTE
    Packages suggested but not available for checking:
     'Biostrings', 'GOSemSim', 'org.Hs.eg.db'
Flavor: r-release-osx-x86_64