CRAN Package Check Results for Package proustr

Last updated on 2021-06-22 01:49:26 CEST.

Flavor Version Tinstall Tcheck Ttotal Status Flags
r-devel-linux-x86_64-debian-clang 0.4.0 7.68 60.80 68.48 OK
r-devel-linux-x86_64-debian-gcc 0.4.0 6.14 45.69 51.83 OK
r-devel-linux-x86_64-fedora-clang 0.4.0 89.71 NOTE
r-devel-linux-x86_64-fedora-gcc 0.4.0 79.17 NOTE
r-devel-windows-x86_64 0.4.0 12.00 72.00 84.00 OK
r-devel-windows-x86_64-gcc10-UCRT 0.4.0 NOTE
r-patched-linux-x86_64 0.4.0 6.63 56.76 63.39 OK
r-patched-solaris-x86 0.4.0 125.20 NOTE
r-release-linux-x86_64 0.4.0 5.84 57.21 63.05 OK
r-release-macos-arm64 0.4.0 NOTE
r-release-macos-x86_64 0.4.0 NOTE
r-release-windows-ix86+x86_64 0.4.0 16.00 84.00 100.00 OK
r-oldrel-macos-x86_64 0.4.0 NOTE

Check Details

Version: 0.4.0
Check: data for non-ASCII characters
Result: NOTE
     Note: found 12717 marked UTF-8 strings
Flavors: r-devel-linux-x86_64-fedora-clang, r-devel-linux-x86_64-fedora-gcc, r-devel-windows-x86_64-gcc10-UCRT, r-patched-solaris-x86, r-release-macos-arm64, r-release-macos-x86_64, r-oldrel-macos-x86_64

Version: 0.4.0
Check: package dependencies
Result: NOTE
    Package suggested but not available for checking: 'covr'
Flavor: r-devel-windows-x86_64-gcc10-UCRT