Last updated on 2022-07-03 01:49:02 CEST.
Flavor | Version | Tinstall | Tcheck | Ttotal | Status | Flags |
---|---|---|---|---|---|---|
r-devel-linux-x86_64-debian-clang | 1.0.1 | 4.06 | 54.39 | 58.45 | NOTE | |
r-devel-linux-x86_64-debian-gcc | 1.0.1 | 3.13 | 41.41 | 44.54 | NOTE | |
r-devel-linux-x86_64-fedora-clang | 1.0.1 | 81.86 | NOTE | |||
r-devel-linux-x86_64-fedora-gcc | 1.0.1 | 82.45 | NOTE | |||
r-devel-windows-x86_64 | 1.0.1 | 49.00 | 96.00 | 145.00 | NOTE | |
r-patched-linux-x86_64 | 1.0.1 | 4.13 | 53.03 | 57.16 | NOTE | |
r-release-linux-x86_64 | 1.0.1 | 4.12 | 52.08 | 56.20 | NOTE | |
r-release-macos-arm64 | 1.0.1 | 26.00 | NOTE | |||
r-release-macos-x86_64 | 1.0.1 | 35.00 | NOTE | |||
r-release-windows-x86_64 | 1.0.1 | 42.00 | 94.00 | 136.00 | NOTE | |
r-oldrel-macos-arm64 | 1.0.1 | 30.00 | NOTE | |||
r-oldrel-macos-x86_64 | 1.0.1 | 50.00 | NOTE | |||
r-oldrel-windows-ix86+x86_64 | 1.0.1 | 9.00 | 80.00 | 89.00 | NOTE |
Version: 1.0.1
Check: package dependencies
Result: NOTE
Packages suggested but not available for checking: 'rdtLite', 'rdt'
Flavors: r-devel-linux-x86_64-debian-clang, r-devel-linux-x86_64-debian-gcc, r-devel-linux-x86_64-fedora-clang, r-devel-linux-x86_64-fedora-gcc, r-patched-linux-x86_64, r-release-linux-x86_64, r-release-macos-x86_64
Version: 1.0.1
Check: package dependencies
Result: NOTE
Package suggested but not available for checking: 'rdt'
Flavors: r-devel-windows-x86_64, r-release-macos-arm64, r-release-windows-x86_64, r-oldrel-macos-arm64, r-oldrel-macos-x86_64, r-oldrel-windows-ix86+x86_64