CRAN Package Check Results for Package prt

Last updated on 2021-05-09 01:47:02 CEST.

Flavor Version Tinstall Tcheck Ttotal Status Flags
r-devel-linux-x86_64-debian-clang 0.1.3 4.36 62.86 67.22 NOTE
r-devel-linux-x86_64-debian-gcc 0.1.3 3.69 46.44 50.13 NOTE
r-devel-linux-x86_64-fedora-clang 0.1.3 91.31 NOTE
r-devel-linux-x86_64-fedora-gcc 0.1.3 74.64 NOTE
r-devel-windows-ix86+x86_64 0.1.3 9.00 75.00 84.00 NOTE
r-devel-windows-x86_64-gcc10-UCRT 0.1.3 NOTE
r-patched-linux-x86_64 0.1.3 4.86 57.30 62.16 NOTE
r-patched-solaris-x86 0.1.3 105.60 WARN
r-release-linux-x86_64 0.1.3 4.05 56.60 60.65 OK
r-release-macos-x86_64 0.1.3 NOTE
r-release-windows-ix86+x86_64 0.1.3 7.00 57.00 64.00 OK
r-oldrel-macos-x86_64 0.1.3 NOTE
r-oldrel-windows-ix86+x86_64 0.1.3 8.00 71.00 79.00 OK

Check Details

Version: 0.1.3
Check: LazyData
Result: NOTE
     'LazyData' is specified without a 'data' directory
Flavors: r-devel-linux-x86_64-debian-clang, r-devel-linux-x86_64-debian-gcc, r-devel-linux-x86_64-fedora-clang, r-devel-linux-x86_64-fedora-gcc, r-devel-windows-ix86+x86_64, r-devel-windows-x86_64-gcc10-UCRT, r-patched-linux-x86_64

Version: 0.1.3
Check: dependencies in R code
Result: NOTE
    Namespace in Imports field not imported from: ‘knitr’
     All declared Imports should be used.
Flavors: r-devel-linux-x86_64-fedora-clang, r-devel-linux-x86_64-fedora-gcc, r-devel-windows-x86_64-gcc10-UCRT, r-patched-solaris-x86, r-release-macos-x86_64, r-oldrel-macos-x86_64

Version: 0.1.3
Check: re-building of vignette outputs
Result: WARN
    Error(s) in re-building vignettes:
     ...
    --- re-building ‘prt.Rmd’ using rmarkdown
    Warning in engine$weave(file, quiet = quiet, encoding = enc) :
     Pandoc (>= 1.12.3) not available. Falling back to R Markdown v1.
    
     *** caught segfault ***
    address 1e3, cause 'memory not mapped'
    
     *** caught segfault ***
    address f60743a0, cause 'memory not mapped'
Flavor: r-patched-solaris-x86