CRAN Package Check Results for Package prt

Last updated on 2021-09-23 01:49:52 CEST.

Flavor Version Tinstall Tcheck Ttotal Status Flags
r-devel-linux-x86_64-debian-clang 0.1.4 4.36 62.64 67.00 OK
r-devel-linux-x86_64-debian-gcc 0.1.4 3.38 47.37 50.75 OK
r-devel-linux-x86_64-fedora-clang 0.1.4 85.27 OK
r-devel-linux-x86_64-fedora-gcc 0.1.4 71.98 OK
r-devel-windows-x86_64 0.1.4 6.00 62.00 68.00 OK
r-devel-windows-x86_64-gcc10-UCRT 0.1.4 ERROR
r-patched-linux-x86_64 0.1.4 4.80 56.84 61.64 OK
r-patched-solaris-x86 0.1.4 100.80 WARN
r-release-linux-x86_64 0.1.4 3.99 56.68 60.67 OK
r-release-macos-arm64 0.1.4 OK
r-release-macos-x86_64 0.1.4 OK
r-release-windows-ix86+x86_64 0.1.4 11.00 58.00 69.00 OK
r-oldrel-macos-x86_64 0.1.4 OK
r-oldrel-windows-ix86+x86_64 0.1.4 7.00 59.00 66.00 OK

Check Details

Version: 0.1.4
Check: package dependencies
Result: NOTE
    Package suggested but not available for checking: 'xml2'
Flavor: r-devel-windows-x86_64-gcc10-UCRT

Version: 0.1.4
Check: PDF version of manual
Result: WARN
    LaTeX errors when creating PDF version.
    This typically indicates Rd problems.
Flavor: r-devel-windows-x86_64-gcc10-UCRT

Version: 0.1.4
Check: PDF version of manual without hyperrefs or index
Result: ERROR
    Re-running with no redirection of stdout/stderr.
Flavor: r-devel-windows-x86_64-gcc10-UCRT

Version: 0.1.4
Check: re-building of vignette outputs
Result: WARN
    Error(s) in re-building vignettes:
     ...
    --- re-building ‘prt.Rmd’ using rmarkdown
    Warning in engine$weave(file, quiet = quiet, encoding = enc) :
     Pandoc (>= 1.12.3) not available. Falling back to R Markdown v1.
    
     *** caught segfault ***
    address f606a9b8, cause 'memory not mapped'
Flavor: r-patched-solaris-x86