CRAN Package Check Results for Package pseval

Last updated on 2024-02-20 09:00:41 CET.

Flavor Version Tinstall Tcheck Ttotal Status Flags
r-devel-linux-x86_64-debian-clang 1.3.1 NOTE
r-devel-linux-x86_64-debian-gcc 1.3.1 3.51 136.86 140.37 NOTE
r-devel-linux-x86_64-fedora-clang 1.3.1 232.56 NOTE
r-devel-linux-x86_64-fedora-gcc 1.3.1 240.50 NOTE
r-devel-windows-x86_64 1.3.1 5.00 155.00 160.00 NOTE
r-patched-linux-x86_64 1.3.1 5.14 183.11 188.25 NOTE
r-release-linux-x86_64 1.3.1 3.75 181.14 184.89 NOTE
r-release-macos-arm64 1.3.1 69.00 NOTE
r-release-macos-x86_64 1.3.1 150.00 NOTE
r-release-windows-x86_64 1.3.1 6.00 200.00 206.00 NOTE
r-oldrel-macos-arm64 1.3.1 52.00 NOTE
r-oldrel-windows-x86_64 1.3.1 6.00 190.00 196.00 NOTE

Check Details

Version: 1.3.1
Check: LazyData
Result: NOTE 'LazyData' is specified without a 'data' directory Flavors: r-devel-linux-x86_64-debian-clang, r-devel-linux-x86_64-debian-gcc, r-devel-linux-x86_64-fedora-clang, r-devel-linux-x86_64-fedora-gcc, r-devel-windows-x86_64, r-patched-linux-x86_64, r-release-linux-x86_64, r-release-macos-arm64, r-release-macos-x86_64, r-release-windows-x86_64, r-oldrel-macos-arm64, r-oldrel-windows-x86_64