CRAN Package Check Results for Package psfmi

Last updated on 2021-11-30 01:50:30 CET.

Flavor Version Tinstall Tcheck Ttotal Status Flags
r-devel-linux-x86_64-debian-clang 1.0.0 30.43 685.24 715.67 OK
r-devel-linux-x86_64-debian-gcc 1.0.0 25.56 504.21 529.77 OK
r-devel-linux-x86_64-fedora-clang 1.0.0 854.55 NOTE
r-devel-linux-x86_64-fedora-gcc 1.0.0 829.35 NOTE
r-devel-windows-x86_64-new-UL 1.0.0 58.00 806.00 864.00 OK
r-devel-windows-x86_64-new-TK 1.0.0 NOTE
r-devel-windows-x86_64-old 1.0.0 59.00 598.00 657.00 OK
r-patched-linux-x86_64 1.0.0 31.71 744.89 776.60 OK
r-patched-solaris-x86 1.0.0 399.00 NOTE
r-release-linux-x86_64 1.0.0 29.55 743.80 773.35 OK
r-release-macos-arm64 1.0.0 NOTE
r-release-macos-x86_64 1.0.0 NOTE
r-release-windows-ix86+x86_64 1.0.0 63.00 637.00 700.00 OK
r-oldrel-macos-x86_64 1.0.0 NOTE
r-oldrel-windows-ix86+x86_64 1.0.0 52.00 664.00 716.00 OK

Check Details

Version: 1.0.0
Check: dependencies in R code
Result: NOTE
    Namespace in Imports field not imported from: ‘miceadds’
     All declared Imports should be used.
Flavors: r-devel-linux-x86_64-fedora-clang, r-devel-linux-x86_64-fedora-gcc, r-devel-windows-x86_64-new-TK, r-patched-solaris-x86, r-release-macos-arm64, r-release-macos-x86_64, r-oldrel-macos-x86_64