CRAN Package Check Results for Package psfmi

Last updated on 2020-09-29 01:48:36 CEST.

Flavor Version Tinstall Tcheck Ttotal Status Flags
r-devel-linux-x86_64-debian-clang 0.5.0 24.32 629.20 653.52 OK
r-devel-linux-x86_64-debian-gcc 0.5.0 17.58 445.11 462.69 WARN
r-devel-linux-x86_64-fedora-clang 0.5.0 762.20 NOTE
r-devel-linux-x86_64-fedora-gcc 0.5.0 767.40 OK
r-devel-windows-ix86+x86_64 0.5.0 61.00 681.00 742.00 NOTE
r-patched-linux-x86_64 0.5.0 16.08 605.81 621.89 OK
r-patched-solaris-x86 0.5.0 917.00 NOTE
r-release-linux-x86_64 0.5.0 21.43 602.22 623.65 OK
r-release-macos-x86_64 0.5.0 NOTE
r-release-windows-ix86+x86_64 0.5.0 38.00 525.00 563.00 NOTE
r-oldrel-macos-x86_64 0.5.0 NOTE
r-oldrel-windows-ix86+x86_64 0.5.0 28.00 487.00 515.00 NOTE

Check Details

Version: 0.5.0
Check: re-building of vignette outputs
Result: WARN
    Error(s) in re-building vignettes:
     ...
    --- re-building ‘MI_boot.Rmd’ using rmarkdown
    --- finished re-building ‘MI_boot.Rmd’
    
    --- re-building ‘MI_cv_naive.Rmd’ using rmarkdown
    --- finished re-building ‘MI_cv_naive.Rmd’
    
    --- re-building ‘boot_MI.Rmd’ using rmarkdown
    --- finished re-building ‘boot_MI.Rmd’
    
    --- re-building ‘cv_MI.Rmd’ using rmarkdown
    --- finished re-building ‘cv_MI.Rmd’
    
    --- re-building ‘cv_MI_RR.Rmd’ using rmarkdown
    --- finished re-building ‘cv_MI_RR.Rmd’
    
    --- re-building ‘psfmi_CoxModels.Rmd’ using rmarkdown
    --- finished re-building ‘psfmi_CoxModels.Rmd’
    
    --- re-building ‘psfmi_LogisticModels.Rmd’ using rmarkdown
    --- finished re-building ‘psfmi_LogisticModels.Rmd’
    
    --- re-building ‘psfmi_StabilityAnalysis.Rmd’ using rmarkdown
    Quitting from lines 60-78 (psfmi_StabilityAnalysis.Rmd)
    Error: processing vignette 'psfmi_StabilityAnalysis.Rmd' failed with diagnostics:
    argument is of length zero
    --- failed re-building ‘psfmi_StabilityAnalysis.Rmd’
    
    --- re-building ‘psfmi_mice.Rmd’ using rmarkdown
    --- finished re-building ‘psfmi_mice.Rmd’
    
    --- re-building ‘psfmi_valext.Rmd’ using rmarkdown
    --- finished re-building ‘psfmi_valext.Rmd’
    
    SUMMARY: processing the following file failed:
     ‘psfmi_StabilityAnalysis.Rmd’
    
    Error: Vignette re-building failed.
    Execution halted
Flavor: r-devel-linux-x86_64-debian-gcc

Version: 0.5.0
Check: installed package size
Result: NOTE
     installed size is 7.1Mb
     sub-directories of 1Mb or more:
     doc 6.5Mb
Flavors: r-devel-linux-x86_64-fedora-clang, r-devel-windows-ix86+x86_64, r-patched-solaris-x86, r-release-macos-x86_64, r-release-windows-ix86+x86_64, r-oldrel-macos-x86_64, r-oldrel-windows-ix86+x86_64