CRAN Package Check Results for Package psica

Last updated on 2022-06-30 01:49:16 CEST.

Flavor Version Tinstall Tcheck Ttotal Status Flags
r-devel-linux-x86_64-debian-clang 1.0.2 8.61 90.55 99.16 NOTE
r-devel-linux-x86_64-debian-gcc 1.0.2 8.37 67.96 76.33 NOTE
r-devel-linux-x86_64-fedora-clang 1.0.2 129.82 NOTE
r-devel-linux-x86_64-fedora-gcc 1.0.2 130.85 NOTE
r-devel-windows-x86_64 1.0.2 17.00 111.00 128.00 NOTE
r-patched-linux-x86_64 1.0.2 6.76 87.84 94.60 NOTE
r-release-linux-x86_64 1.0.2 10.85 87.60 98.45 NOTE
r-release-macos-arm64 1.0.2 33.00 NOTE
r-release-macos-x86_64 1.0.2 65.00 NOTE
r-release-windows-x86_64 1.0.2 14.00 112.00 126.00 NOTE
r-oldrel-macos-arm64 1.0.2 39.00 NOTE
r-oldrel-macos-x86_64 1.0.2 66.00 NOTE
r-oldrel-windows-ix86+x86_64 1.0.2 22.00 110.00 132.00 NOTE

Check Details

Version: 1.0.2
Check: LazyData
Result: NOTE
     'LazyData' is specified without a 'data' directory
Flavors: r-devel-linux-x86_64-debian-clang, r-devel-linux-x86_64-debian-gcc, r-devel-linux-x86_64-fedora-clang, r-devel-linux-x86_64-fedora-gcc, r-devel-windows-x86_64, r-patched-linux-x86_64, r-release-linux-x86_64, r-release-macos-arm64, r-release-macos-x86_64, r-release-windows-x86_64, r-oldrel-macos-arm64, r-oldrel-macos-x86_64, r-oldrel-windows-ix86+x86_64