CRAN Package Check Results for Package pspatreg

Last updated on 2023-01-28 01:50:18 CET.

Flavor Version Tinstall Tcheck Ttotal Status Flags
r-devel-linux-x86_64-debian-clang 1.0.6 25.49 226.38 251.87 OK
r-devel-linux-x86_64-debian-gcc 1.0.6 21.82 164.29 186.11 OK
r-devel-linux-x86_64-fedora-clang 1.0.6 317.24 NOTE
r-devel-linux-x86_64-fedora-gcc 1.0.6 309.43 OK
r-patched-linux-x86_64 1.0.6 29.99 211.48 241.47 OK
r-release-linux-x86_64 1.0.6 22.22 211.98 234.20 OK
r-release-macos-arm64 1.0.6 6.00 ERROR
r-release-macos-x86_64 1.0.6 8.00 ERROR
r-release-windows-x86_64 1.0.6 70.00 240.00 310.00 OK
r-oldrel-macos-arm64 1.0.6 10.00 ERROR
r-oldrel-macos-x86_64 1.0.6 11.00 ERROR
r-oldrel-windows-ix86+x86_64 1.0.6 10.00 17.00 27.00 ERROR

Check Details

Version: 1.0.6
Check: Rd cross-references
Result: NOTE
    Undeclared package ‘spsur’ in Rd xrefs
Flavor: r-devel-linux-x86_64-fedora-clang

Version: 1.0.6
Check: package dependencies
Result: ERROR
    Package required and available but unsuitable version: ‘splines’
    
    See section ‘The DESCRIPTION file’ in the ‘Writing R Extensions’
    manual.
Flavors: r-release-macos-arm64, r-release-macos-x86_64, r-oldrel-macos-arm64, r-oldrel-macos-x86_64, r-oldrel-windows-ix86+x86_64