CRAN Package Check Results for Package pspline.inference

Last updated on 2022-11-27 00:55:51 CET.

Flavor Version Tinstall Tcheck Ttotal Status Flags
r-devel-linux-x86_64-debian-clang 1.0.4 10.93 216.67 227.60 NOTE
r-devel-linux-x86_64-debian-gcc 1.0.4 9.03 161.27 170.30 NOTE
r-devel-linux-x86_64-fedora-clang 1.0.4 279.98 NOTE
r-devel-linux-x86_64-fedora-gcc 1.0.4 277.33 NOTE
r-devel-windows-x86_64 1.0.4 85.00 240.00 325.00 NOTE
r-patched-linux-x86_64 1.0.4 NOTE
r-release-linux-x86_64 1.0.4 10.82 204.28 215.10 NOTE
r-release-macos-arm64 1.0.4 79.00 NOTE
r-release-macos-x86_64 1.0.4 192.00 NOTE
r-release-windows-x86_64 1.0.4 32.00 238.00 270.00 NOTE
r-oldrel-macos-arm64 1.0.4 94.00 NOTE
r-oldrel-macos-x86_64 1.0.4 159.00 NOTE
r-oldrel-windows-ix86+x86_64 1.0.4 26.00 237.00 263.00 NOTE

Check Details

Version: 1.0.4
Check: LazyData
Result: NOTE
     'LazyData' is specified without a 'data' directory
Flavors: r-devel-linux-x86_64-debian-clang, r-devel-linux-x86_64-debian-gcc, r-devel-linux-x86_64-fedora-clang, r-devel-linux-x86_64-fedora-gcc, r-devel-windows-x86_64, r-patched-linux-x86_64, r-release-linux-x86_64, r-release-macos-arm64, r-release-macos-x86_64, r-release-windows-x86_64, r-oldrel-macos-arm64, r-oldrel-macos-x86_64, r-oldrel-windows-ix86+x86_64