Last updated on 2023-01-30 01:53:41 CET.
Flavor | Version | Tinstall | Tcheck | Ttotal | Status | Flags |
---|---|---|---|---|---|---|
r-devel-linux-x86_64-debian-clang | 0.3.1 | 76.55 | 148.93 | 225.48 | OK | |
r-devel-linux-x86_64-debian-gcc | 0.3.1 | 66.35 | 112.84 | 179.19 | NOTE | |
r-devel-linux-x86_64-fedora-clang | 0.3.1 | 289.98 | NOTE | |||
r-devel-linux-x86_64-fedora-gcc | 0.3.1 | 320.57 | NOTE | |||
r-devel-windows-x86_64 | 0.3.1 | 80.00 | 200.00 | 280.00 | NOTE | |
r-patched-linux-x86_64 | 0.3.1 | 56.97 | 139.98 | 196.95 | OK | |
r-release-linux-x86_64 | 0.3.1 | 53.84 | 140.12 | 193.96 | OK | |
r-release-macos-arm64 | 0.3.1 | 60.00 | NOTE | |||
r-release-macos-x86_64 | 0.3.1 | 96.00 | NOTE | |||
r-release-windows-x86_64 | 0.3.1 | 69.00 | 199.00 | 268.00 | OK | |
r-oldrel-macos-arm64 | 0.3.1 | 62.00 | NOTE | |||
r-oldrel-macos-x86_64 | 0.3.1 | 73.00 | NOTE | |||
r-oldrel-windows-ix86+x86_64 | 0.3.1 | 173.00 | 290.00 | 463.00 | OK |
Version: 0.3.1
Check: C++ specification
Result: NOTE
Specified C++11: please update to current default of C++17
Flavors: r-devel-linux-x86_64-debian-gcc, r-devel-linux-x86_64-fedora-clang, r-devel-linux-x86_64-fedora-gcc, r-devel-windows-x86_64
Version: 0.3.1
Check: installed package size
Result: NOTE
installed size is 11.9Mb
sub-directories of 1Mb or more:
libs 11.2Mb
Flavors: r-release-macos-arm64, r-release-macos-x86_64, r-oldrel-macos-arm64, r-oldrel-macos-x86_64