CRAN Package Check Results for Package psycho

Last updated on 2024-02-20 09:00:41 CET.

Flavor Version Tinstall Tcheck Ttotal Status Flags
r-devel-linux-x86_64-debian-clang 0.6.1 NOTE
r-devel-linux-x86_64-debian-gcc 0.6.1 3.49 52.98 56.47 NOTE
r-devel-linux-x86_64-fedora-clang 0.6.1 101.07 OK
r-devel-linux-x86_64-fedora-gcc 0.6.1 111.81 OK
r-devel-windows-x86_64 0.6.1 7.00 72.00 79.00 NOTE --no-vignettes
r-patched-linux-x86_64 0.6.1 7.80 69.78 77.58 OK
r-release-linux-x86_64 0.6.1 7.11 68.71 75.82 OK
r-release-macos-arm64 0.6.1 43.00 OK
r-release-macos-x86_64 0.6.1 66.00 OK
r-release-windows-x86_64 0.6.1 8.00 86.00 94.00 OK --no-vignettes
r-oldrel-macos-arm64 0.6.1 32.00 OK
r-oldrel-windows-x86_64 0.6.1 9.00 88.00 97.00 OK --no-vignettes

Check Details

Version: 0.6.1
Check: Rd files
Result: NOTE checkRd: (-1) dprime.Rd:37: Lost braces in \itemize; \value handles \item{}{} directly checkRd: (-1) dprime.Rd:38: Lost braces in \itemize; \value handles \item{}{} directly checkRd: (-1) dprime.Rd:39: Lost braces in \itemize; \value handles \item{}{} directly checkRd: (-1) dprime.Rd:40: Lost braces in \itemize; \value handles \item{}{} directly checkRd: (-1) dprime.Rd:41: Lost braces in \itemize; \value handles \item{}{} directly Flavors: r-devel-linux-x86_64-debian-clang, r-devel-linux-x86_64-debian-gcc

Version: 0.6.1
Flags: --no-vignettes
Check: Rd files
Result: NOTE checkRd: (-1) dprime.Rd:37: Lost braces in \itemize; \value handles \item{}{} directly checkRd: (-1) dprime.Rd:38: Lost braces in \itemize; \value handles \item{}{} directly checkRd: (-1) dprime.Rd:39: Lost braces in \itemize; \value handles \item{}{} directly checkRd: (-1) dprime.Rd:40: Lost braces in \itemize; \value handles \item{}{} directly checkRd: (-1) dprime.Rd:41: Lost braces in \itemize; \value handles \item{}{} directly Flavor: r-devel-windows-x86_64