CRAN Package Check Results for Package psychonetrics

Last updated on 2019-12-16 00:49:06 CET.

Flavor Version Tinstall Tcheck Ttotal Status Flags
r-devel-linux-x86_64-debian-clang 0.3.3 134.26 188.52 322.78 OK
r-devel-linux-x86_64-debian-gcc 0.3.3 96.96 140.72 237.68 OK
r-devel-linux-x86_64-fedora-clang 0.3.3 399.56 NOTE
r-devel-linux-x86_64-fedora-gcc 0.3.3 393.35 OK
r-devel-windows-ix86+x86_64 0.3.3 245.00 345.00 590.00 OK
r-devel-windows-ix86+x86_64-gcc8 0.3.3 377.00 378.00 755.00 OK
r-patched-linux-x86_64 0.3.3 107.02 160.64 267.66 OK
r-patched-solaris-x86 0.3.3 424.50 OK
r-release-linux-x86_64 0.3.3 106.48 159.68 266.16 OK
r-release-windows-ix86+x86_64 0.3.3 240.00 264.00 504.00 OK
r-release-osx-x86_64 0.3.3 OK
r-oldrel-windows-ix86+x86_64 0.3.2 293.00 255.00 548.00 OK
r-oldrel-osx-x86_64 0.3.3 ERROR

Check Details

Version: 0.3.3
Check: installed package size
Result: NOTE
     installed size is 6.8Mb
     sub-directories of 1Mb or more:
     libs 6.0Mb
Flavor: r-devel-linux-x86_64-fedora-clang

Version: 0.3.3
Check: whether package can be installed
Result: ERROR
    Installation failed.
Flavor: r-oldrel-osx-x86_64