CRAN Package Check Results for Package psychonetrics

Last updated on 2020-07-13 01:48:55 CEST.

Flavor Version Tinstall Tcheck Ttotal Status Flags
r-devel-linux-x86_64-debian-clang 0.7.2 675.92 177.19 853.11 OK
r-devel-linux-x86_64-debian-gcc 0.7.2 532.71 131.87 664.58 OK
r-devel-linux-x86_64-fedora-clang 0.7.2 1617.94 NOTE
r-devel-linux-x86_64-fedora-gcc 0.7.2 1562.26 OK
r-devel-windows-ix86+x86_64 0.7.2 1614.00 350.00 1964.00 NOTE
r-patched-linux-x86_64 0.7.2 625.87 172.13 798.00 OK
r-patched-solaris-x86 0.7.2 1219.80 OK
r-release-linux-x86_64 0.7.2 662.43 170.74 833.17 OK
r-release-macos-x86_64 0.7.2 NOTE
r-release-windows-ix86+x86_64 0.7.2 2009.00 242.00 2251.00 NOTE
r-oldrel-macos-x86_64 0.7.2 NOTE
r-oldrel-windows-ix86+x86_64 0.7.2 1670.00 224.00 1894.00 NOTE

Check Details

Version: 0.7.2
Check: package dependencies
Result: NOTE
    Imports includes 22 non-default packages.
    Importing from so many packages makes the package vulnerable to any of
    them becoming unavailable. Move as many as possible to Suggests and
    use conditionally.
Flavor: r-devel-linux-x86_64-fedora-clang

Version: 0.7.2
Check: installed package size
Result: NOTE
     installed size is 53.7Mb
     sub-directories of 1Mb or more:
     libs 52.6Mb
Flavors: r-devel-linux-x86_64-fedora-clang, r-devel-windows-ix86+x86_64, r-release-macos-x86_64, r-release-windows-ix86+x86_64, r-oldrel-macos-x86_64, r-oldrel-windows-ix86+x86_64