CRAN Package Check Results for Package psychonetrics

Last updated on 2021-10-23 03:28:54 CEST.

Flavor Version Tinstall Tcheck Ttotal Status Flags
r-devel-linux-x86_64-debian-clang 0.9 868.38 193.80 1062.18 OK
r-devel-linux-x86_64-debian-gcc 0.9 684.57 141.88 826.45 OK
r-devel-linux-x86_64-fedora-clang 0.9 1763.87 NOTE
r-devel-linux-x86_64-fedora-gcc 0.9 1631.61 OK
r-devel-windows-x86_64 0.9 1153.00 238.00 1391.00 OK
r-devel-windows-x86_64-gcc10-UCRT 0.9 ERROR
r-patched-linux-x86_64 0.9 805.19 184.80 989.99 OK
r-patched-solaris-x86 0.9 1221.50 OK
r-release-linux-x86_64 0.9 811.85 186.65 998.50 OK
r-release-macos-arm64 0.9 NOTE
r-release-macos-x86_64 0.9 NOTE
r-release-windows-ix86+x86_64 0.9 1634.00 268.00 1902.00 NOTE
r-oldrel-macos-x86_64 0.9 NOTE
r-oldrel-windows-ix86+x86_64 0.9 2248.00 300.00 2548.00 NOTE

Check Details

Version: 0.9
Check: installed package size
Result: NOTE
     installed size is 35.7Mb
     sub-directories of 1Mb or more:
     libs 34.7Mb
Flavors: r-devel-linux-x86_64-fedora-clang, r-release-macos-arm64, r-release-macos-x86_64, r-release-windows-ix86+x86_64, r-oldrel-macos-x86_64, r-oldrel-windows-ix86+x86_64

Version: 0.9
Check: package dependencies
Result: ERROR
    Package required but not available: 'qgraph'
    
    Packages suggested but not available for checking:
     'semPlot', 'graphicalVAR'
    
    See section 'The DESCRIPTION file' in the 'Writing R Extensions'
    manual.
Flavor: r-devel-windows-x86_64-gcc10-UCRT