CRAN Package Check Results for Package ptinpoly

Last updated on 2020-04-09 01:53:22 CEST.

Flavor Version Tinstall Tcheck Ttotal Status Flags
r-devel-linux-x86_64-debian-clang 2.4 6.43 21.63 28.06 WARN
r-devel-linux-x86_64-debian-gcc 2.4 5.04 17.17 22.21 OK
r-devel-linux-x86_64-fedora-clang 2.4 39.37 WARN
r-devel-linux-x86_64-fedora-gcc 2.4 37.19 NOTE
r-devel-windows-ix86+x86_64 2.4 18.00 76.00 94.00 OK
r-devel-windows-ix86+x86_64-gcc8 2.4 20.00 49.00 69.00 OK
r-patched-linux-x86_64 2.4 6.06 21.25 27.31 OK
r-patched-solaris-x86 2.4 57.10 OK
r-release-linux-x86_64 2.4 5.30 19.67 24.97 OK
r-release-windows-ix86+x86_64 2.4 20.00 66.00 86.00 OK
r-release-osx-x86_64 2.4 WARN
r-oldrel-windows-ix86+x86_64 2.4 22.00 46.00 68.00 OK
r-oldrel-osx-x86_64 2.4 WARN

Additional issues

clang-UBSAN

Check Details

Version: 2.4
Check: whether package can be installed
Result: WARN
    Found the following significant warnings:
     pinpolyhedronA.cc:594:7: warning: explicitly assigning value of variable of type 'double' to itself [-Wself-assign]
     pinpolyhedronA.cc:1766:5: warning: explicitly assigning value of variable of type 'int' to itself [-Wself-assign]
Flavors: r-devel-linux-x86_64-debian-clang, r-devel-linux-x86_64-fedora-clang, r-release-osx-x86_64, r-oldrel-osx-x86_64

Version: 2.4
Check: compiled code
Result: NOTE
    File ‘ptinpoly/libs/ptinpoly.so’:
     Found no calls to: ‘R_registerRoutines’, ‘R_useDynamicSymbols’
    
    It is good practice to register native routines and to disable symbol
    search.
    
    See ‘Writing portable packages’ in the ‘Writing R Extensions’ manual.
Flavors: r-devel-linux-x86_64-fedora-clang, r-devel-linux-x86_64-fedora-gcc