CRAN Package Check Results for Package ptm

Last updated on 2021-12-03 00:48:52 CET.

Flavor Version Tinstall Tcheck Ttotal Status Flags
r-devel-linux-x86_64-debian-clang 0.2.4 22.16 196.06 218.22 OK
r-devel-linux-x86_64-debian-gcc 0.2.4 18.09 146.98 165.07 OK
r-devel-linux-x86_64-fedora-clang 0.2.4 267.14 OK
r-devel-linux-x86_64-fedora-gcc 0.2.4 253.43 OK
r-devel-windows-x86_64-new-UL 0.2.4 41.00 291.00 332.00 OK
r-devel-windows-x86_64-new-TK 0.2.4 OK
r-devel-windows-x86_64-old 0.2.4 33.00 206.00 239.00 OK
r-patched-linux-x86_64 0.2.4 21.20 186.87 208.07 OK
r-patched-solaris-x86 0.2.4 361.70 OK
r-release-linux-x86_64 0.2.4 19.65 189.00 208.65 OK
r-release-macos-arm64 0.2.4 ERROR
r-release-macos-x86_64 0.2.4 ERROR
r-release-windows-ix86+x86_64 0.2.4 45.00 260.00 305.00 OK
r-oldrel-macos-x86_64 0.2.4 ERROR
r-oldrel-windows-ix86+x86_64 0.2.4 44.00 261.00 305.00 OK

Check Details

Version: 0.2.4
Check: package dependencies
Result: ERROR
    Package required but not available: ‘muscle’
    
    See section ‘The DESCRIPTION file’ in the ‘Writing R Extensions’
    manual.
Flavors: r-release-macos-arm64, r-release-macos-x86_64

Version: 0.2.4
Check: package dependencies
Result: ERROR
    Package required but not available: ‘muscle’
    
    Package suggested but not available for checking: ‘KEGGREST’
    
    See section ‘The DESCRIPTION file’ in the ‘Writing R Extensions’
    manual.
Flavor: r-oldrel-macos-x86_64