CRAN Package Check Results for Package ptmixed

Last updated on 2022-01-17 01:48:32 CET.

Flavor Version Tinstall Tcheck Ttotal Status Flags
r-devel-linux-x86_64-debian-clang 1.1.1 4.55 363.51 368.06 OK
r-devel-linux-x86_64-debian-gcc 1.1.1 3.42 267.48 270.90 OK
r-devel-linux-x86_64-fedora-clang 1.1.1 422.37 OK
r-devel-linux-x86_64-fedora-gcc 1.1.1 414.99 OK
r-devel-windows-x86_64-new-UL 1.1.1 34.00 378.00 412.00 OK
r-devel-windows-x86_64-new-TK 1.1.1 ERROR
r-patched-linux-x86_64 1.1.1 3.58 336.05 339.63 OK
r-release-linux-x86_64 1.1.1 OK
r-release-macos-arm64 1.1.1 ERROR
r-release-macos-x86_64 1.1.1 ERROR
r-release-windows-ix86+x86_64 1.1.1 10.00 390.00 400.00 OK
r-oldrel-macos-x86_64 1.1.1 ERROR
r-oldrel-windows-ix86+x86_64 1.1.1 10.00 420.00 430.00 OK

Check Details

Version: 1.1.1
Check: package dependencies
Result: ERROR
    Package required but not available: 'lme4'
    
    See section 'The DESCRIPTION file' in the 'Writing R Extensions'
    manual.
Flavor: r-devel-windows-x86_64-new-TK

Version: 1.1.1
Check: package dependencies
Result: ERROR
    Package required but not available: ‘tweeDEseq’
    
    See section ‘The DESCRIPTION file’ in the ‘Writing R Extensions’
    manual.
Flavors: r-release-macos-arm64, r-release-macos-x86_64, r-oldrel-macos-x86_64