CRAN Package Check Results for Package puzzle

Last updated on 2020-04-01 01:49:02 CEST.

Flavor Version Tinstall Tcheck Ttotal Status Flags
r-devel-linux-x86_64-debian-clang 0.0.1 3.52 27.17 30.69 OK
r-devel-linux-x86_64-debian-gcc 0.0.1 2.92 21.28 24.20 OK
r-devel-linux-x86_64-fedora-clang 0.0.1 36.41 NOTE
r-devel-linux-x86_64-fedora-gcc 0.0.1 36.49 NOTE
r-devel-windows-ix86+x86_64 0.0.1 14.00 37.00 51.00 OK
r-devel-windows-ix86+x86_64-gcc8 0.0.1 12.00 41.00 53.00 OK
r-patched-linux-x86_64 0.0.1 3.34 25.94 29.28 OK
r-patched-solaris-x86 0.0.1 4.60 ERROR
r-release-linux-x86_64 0.0.1 2.58 24.13 26.71 OK
r-release-windows-ix86+x86_64 0.0.1 15.00 56.00 71.00 OK
r-release-osx-x86_64 0.0.1 NOTE
r-oldrel-windows-ix86+x86_64 0.0.1 12.00 49.00 61.00 OK
r-oldrel-osx-x86_64 0.0.1 NOTE

Check Details

Version: 0.0.1
Check: dependencies in R code
Result: NOTE
    Namespaces in Imports field not imported from:
     ‘kableExtra’ ‘readr’ ‘tidyverse’
     All declared Imports should be used.
Flavors: r-devel-linux-x86_64-fedora-clang, r-devel-linux-x86_64-fedora-gcc, r-release-osx-x86_64, r-oldrel-osx-x86_64

Version: 0.0.1
Check: package dependencies
Result: ERROR
    Package required but not available: ‘tidyverse’
    
    Package suggested but not available for checking: ‘devtools’
    
    See section ‘The DESCRIPTION file’ in the ‘Writing R Extensions’
    manual.
Flavor: r-patched-solaris-x86