Last updated on 2023-02-05 01:54:29 CET.
Flavor | Version | Tinstall | Tcheck | Ttotal | Status | Flags |
---|---|---|---|---|---|---|
r-devel-linux-x86_64-debian-clang | 0.0.1 | 3.96 | 31.00 | 34.96 | OK | |
r-devel-linux-x86_64-debian-gcc | 0.0.1 | 3.09 | 24.11 | 27.20 | OK | |
r-devel-linux-x86_64-fedora-clang | 0.0.1 | 46.63 | NOTE | |||
r-devel-linux-x86_64-fedora-gcc | 0.0.1 | 43.59 | NOTE | |||
r-devel-windows-x86_64 | 0.0.1 | 24.00 | 62.00 | 86.00 | OK | |
r-patched-linux-x86_64 | 0.0.1 | 3.42 | 30.35 | 33.77 | OK | |
r-release-linux-x86_64 | 0.0.1 | 3.00 | 31.71 | 34.71 | OK | |
r-release-macos-arm64 | 0.0.1 | 17.00 | NOTE | |||
r-release-macos-x86_64 | 0.0.1 | 31.00 | NOTE | |||
r-release-windows-x86_64 | 0.0.1 | 19.00 | 63.00 | 82.00 | OK | |
r-oldrel-macos-arm64 | 0.0.1 | 22.00 | NOTE | |||
r-oldrel-macos-x86_64 | 0.0.1 | 28.00 | NOTE | |||
r-oldrel-windows-ix86+x86_64 | 0.0.1 | 10.00 | 56.00 | 66.00 | OK |
Version: 0.0.1
Check: dependencies in R code
Result: NOTE
Namespaces in Imports field not imported from:
‘kableExtra’ ‘readr’ ‘tidyverse’
All declared Imports should be used.
Flavors: r-devel-linux-x86_64-fedora-clang, r-devel-linux-x86_64-fedora-gcc, r-release-macos-arm64, r-release-macos-x86_64, r-oldrel-macos-arm64, r-oldrel-macos-x86_64