CRAN Package Check Results for Package puzzle

Last updated on 2021-04-19 02:46:58 CEST.

Flavor Version Tinstall Tcheck Ttotal Status Flags
r-devel-linux-x86_64-debian-clang 0.0.1 3.85 29.76 33.61 OK
r-devel-linux-x86_64-debian-gcc 0.0.1 2.84 23.17 26.01 OK
r-devel-linux-x86_64-fedora-clang 0.0.1 51.10 NOTE
r-devel-linux-x86_64-fedora-gcc 0.0.1 41.66 NOTE
r-devel-windows-ix86+x86_64 0.0.1 7.00 35.00 42.00 OK
r-devel-windows-x86_64-gcc10-UCRT 0.0.1 NOTE
r-patched-linux-x86_64 0.0.1 3.43 28.16 31.59 OK
r-patched-solaris-x86 0.0.1 58.80 NOTE
r-release-linux-x86_64 0.0.1 2.61 29.14 31.75 OK
r-release-macos-x86_64 0.0.1 NOTE
r-release-windows-ix86+x86_64 0.0.1 8.00 38.00 46.00 OK
r-oldrel-macos-x86_64 0.0.1 NOTE
r-oldrel-windows-ix86+x86_64 0.0.1 4.00 42.00 46.00 OK

Check Details

Version: 0.0.1
Check: dependencies in R code
Result: NOTE
    Namespaces in Imports field not imported from:
     ‘kableExtra’ ‘readr’ ‘tidyverse’
     All declared Imports should be used.
Flavors: r-devel-linux-x86_64-fedora-clang, r-devel-linux-x86_64-fedora-gcc, r-devel-windows-x86_64-gcc10-UCRT, r-patched-solaris-x86, r-release-macos-x86_64, r-oldrel-macos-x86_64