CRAN Package Check Results for Package qcapower

Last updated on 2021-01-15 00:49:31 CET.

Flavor Version Tinstall Tcheck Ttotal Status Flags
r-devel-linux-x86_64-debian-clang 0.1.0 4.72 53.67 58.39 OK
r-devel-linux-x86_64-debian-gcc 0.1.0 4.09 39.75 43.84 OK
r-devel-linux-x86_64-fedora-clang 0.1.0 77.47 NOTE
r-devel-linux-x86_64-fedora-gcc 0.1.0 66.72 NOTE
r-devel-windows-ix86+x86_64 0.1.0 16.00 11.00 27.00 ERROR
r-patched-linux-x86_64 0.1.0 4.69 50.22 54.91 OK
r-patched-solaris-x86 0.1.0 106.80 NOTE
r-release-linux-x86_64 0.1.0 4.77 49.10 53.87 OK
r-release-macos-x86_64 0.1.0 NOTE
r-release-windows-ix86+x86_64 0.1.0 12.00 58.00 70.00 OK
r-oldrel-macos-x86_64 0.1.0 NOTE
r-oldrel-windows-ix86+x86_64 0.1.0 8.00 49.00 57.00 OK

Check Details

Version: 0.1.0
Check: dependencies in R code
Result: NOTE
    Namespace in Imports field not imported from: ‘devtools’
     All declared Imports should be used.
Flavors: r-devel-linux-x86_64-fedora-clang, r-devel-linux-x86_64-fedora-gcc, r-patched-solaris-x86, r-release-macos-x86_64, r-oldrel-macos-x86_64

Version: 0.1.0
Check: whether package can be installed
Result: ERROR
    
    See *
Flavor: r-devel-windows-ix86+x86_64