CRAN Package Check Results for Package qcapower

Last updated on 2020-10-21 01:47:19 CEST.

Flavor Version Tinstall Tcheck Ttotal Status Flags
r-devel-linux-x86_64-debian-clang 0.1.0 5.14 52.60 57.74 OK
r-devel-linux-x86_64-debian-gcc 0.1.0 4.12 39.85 43.97 OK
r-devel-linux-x86_64-fedora-clang 0.1.0 75.45 NOTE
r-devel-linux-x86_64-fedora-gcc 0.1.0 68.17 NOTE
r-devel-windows-ix86+x86_64 0.1.0 12.00 56.00 68.00 OK
r-patched-linux-x86_64 0.1.0 4.88 47.91 52.79 OK
r-patched-solaris-x86 0.1.0 96.00 NOTE
r-release-linux-x86_64 0.1.0 4.19 48.42 52.61 OK
r-release-macos-x86_64 0.1.0 NOTE
r-release-windows-ix86+x86_64 0.1.0 20.00 57.00 77.00 OK
r-oldrel-macos-x86_64 0.1.0 NOTE
r-oldrel-windows-ix86+x86_64 0.1.0 8.00 78.00 86.00 OK

Check Details

Version: 0.1.0
Check: dependencies in R code
Result: NOTE
    Namespace in Imports field not imported from: ‘devtools’
     All declared Imports should be used.
Flavors: r-devel-linux-x86_64-fedora-clang, r-devel-linux-x86_64-fedora-gcc, r-patched-solaris-x86, r-release-macos-x86_64, r-oldrel-macos-x86_64