Last updated on 2023-03-25 07:02:29 CET.
Flavor | Version | Tinstall | Tcheck | Ttotal | Status | Flags |
---|---|---|---|---|---|---|
r-devel-linux-x86_64-debian-clang | 1.0.7 | 4.20 | 25.07 | 29.27 | OK | |
r-devel-linux-x86_64-debian-gcc | 1.0.7 | 3.02 | 20.25 | 23.27 | OK | |
r-devel-linux-x86_64-fedora-clang | 1.0.7 | 38.13 | NOTE | |||
r-devel-linux-x86_64-fedora-gcc | 1.0.7 | 36.00 | OK | |||
r-patched-linux-x86_64 | 1.0.7 | 3.77 | 26.30 | 30.07 | OK | |
r-release-linux-x86_64 | 1.0.7 | 3.56 | 26.25 | 29.81 | OK | |
r-release-macos-arm64 | 1.0.7 | 16.00 | OK | |||
r-release-macos-x86_64 | 1.0.7 | 25.00 | OK | |||
r-release-windows-x86_64 | 1.0.7 | 12.00 | 54.00 | 66.00 | OK | |
r-oldrel-macos-arm64 | 1.0.7 | 21.00 | OK | |||
r-oldrel-macos-x86_64 | 1.0.7 | 32.00 | OK | |||
r-oldrel-windows-ix86+x86_64 | 1.0.7 | 8.00 | 35.00 | 43.00 | OK |
Version: 1.0.7
Check: Rd cross-references
Result: NOTE
Undeclared package ‘qdap’ in Rd xrefs
Flavor: r-devel-linux-x86_64-fedora-clang