CRAN Package Check Results for Package qdapTools

Last updated on 2021-09-19 01:50:29 CEST.

Flavor Version Tinstall Tcheck Ttotal Status Flags
r-devel-linux-x86_64-debian-clang 1.3.5 4.26 48.35 52.61 NOTE
r-devel-linux-x86_64-debian-gcc 1.3.5 3.45 36.82 40.27 NOTE
r-devel-linux-x86_64-fedora-clang 1.3.5 70.93 NOTE
r-devel-linux-x86_64-fedora-gcc 1.3.5 61.80 NOTE
r-devel-windows-x86_64 1.3.5 6.00 66.00 72.00 NOTE
r-devel-windows-x86_64-gcc10-UCRT 1.3.5 NOTE
r-patched-linux-x86_64 1.3.5 4.43 45.48 49.91 NOTE
r-patched-solaris-x86 1.3.5 91.70 NOTE
r-release-linux-x86_64 1.3.5 3.80 44.68 48.48 NOTE
r-release-macos-arm64 1.3.5 NOTE
r-release-macos-x86_64 1.3.5 NOTE
r-release-windows-ix86+x86_64 1.3.5 10.00 50.00 60.00 NOTE
r-oldrel-macos-x86_64 1.3.5 OK
r-oldrel-windows-ix86+x86_64 1.3.5 10.00 48.00 58.00 OK

Check Details

Version: 1.3.5
Check: LazyData
Result: NOTE
     'LazyData' is specified without a 'data' directory
Flavors: r-devel-linux-x86_64-debian-clang, r-devel-linux-x86_64-debian-gcc, r-devel-linux-x86_64-fedora-clang, r-devel-linux-x86_64-fedora-gcc, r-devel-windows-x86_64, r-devel-windows-x86_64-gcc10-UCRT, r-patched-linux-x86_64, r-patched-solaris-x86, r-release-linux-x86_64, r-release-macos-arm64, r-release-macos-x86_64, r-release-windows-ix86+x86_64