CRAN Package Check Results for Package qgcomp

Last updated on 2021-06-22 01:49:27 CEST.

Flavor Version Tinstall Tcheck Ttotal Status Flags
r-devel-linux-x86_64-debian-clang 2.7.0 14.92 254.38 269.30 OK
r-devel-linux-x86_64-debian-gcc 2.7.0 12.45 187.35 199.80 OK
r-devel-linux-x86_64-fedora-clang 2.7.0 320.95 OK
r-devel-linux-x86_64-fedora-gcc 2.7.0 312.78 OK
r-devel-windows-x86_64 2.7.0 25.00 291.00 316.00 OK
r-devel-windows-x86_64-gcc10-UCRT 2.7.0 NOTE
r-patched-linux-x86_64 2.7.0 14.28 238.84 253.12 OK
r-patched-solaris-x86 2.7.0 621.90 OK
r-release-linux-x86_64 2.7.0 14.67 237.23 251.90 OK
r-release-macos-arm64 2.7.0 OK
r-release-macos-x86_64 2.7.0 OK
r-release-windows-ix86+x86_64 2.7.0 35.00 339.00 374.00 OK
r-oldrel-macos-x86_64 2.7.0 OK

Check Details

Version: 2.7.0
Check: package dependencies
Result: NOTE
    Package suggested but not available for checking: 'devtools'
Flavor: r-devel-windows-x86_64-gcc10-UCRT