CRAN Package Check Results for Package qgcompint

Last updated on 2022-01-16 01:07:10 CET.

Flavor Version Tinstall Tcheck Ttotal Status Flags
r-devel-linux-x86_64-debian-clang 0.6.6 13.09 177.82 190.91 OK
r-devel-linux-x86_64-debian-gcc 0.6.6 11.27 132.03 143.30 OK
r-devel-linux-x86_64-fedora-clang 0.6.6 227.64 OK
r-devel-linux-x86_64-fedora-gcc 0.6.6 215.42 OK
r-devel-windows-x86_64-new-UL 0.6.6 62.00 214.00 276.00 OK
r-devel-windows-x86_64-new-TK 0.6.6 ERROR
r-patched-linux-x86_64 0.6.6 10.48 168.24 178.72 OK
r-release-linux-x86_64 0.6.6 10.78 168.49 179.27 OK
r-release-macos-arm64 0.6.6 OK
r-release-macos-x86_64 0.6.6 OK
r-release-windows-ix86+x86_64 0.6.6 30.00 201.00 231.00 OK
r-oldrel-macos-x86_64 0.6.6 OK
r-oldrel-windows-ix86+x86_64 0.6.6 31.00 194.00 225.00 OK

Check Details

Version: 0.6.6
Check: package dependencies
Result: ERROR
    Packages required but not available: 'qgcomp', 'arm'
    
    See section 'The DESCRIPTION file' in the 'Writing R Extensions'
    manual.
Flavor: r-devel-windows-x86_64-new-TK