CRAN Package Check Results for Package qmix

Last updated on 2020-04-01 01:49:02 CEST.

Flavor Version Tinstall Tcheck Ttotal Status Flags
r-devel-linux-x86_64-debian-clang 0.1.2.0 609.15 90.40 699.55 NOTE
r-devel-linux-x86_64-debian-gcc 0.1.2.0 542.39 90.52 632.91 NOTE
r-devel-linux-x86_64-fedora-clang 0.1.2.0 970.09 NOTE
r-devel-linux-x86_64-fedora-gcc 0.1.2.0 1137.53 NOTE
r-devel-windows-ix86+x86_64 0.1.2.0 888.00 161.00 1049.00 NOTE
r-devel-windows-ix86+x86_64-gcc8 0.1.2.0 987.00 169.00 1156.00 NOTE
r-patched-linux-x86_64 0.1.2.0 554.65 112.78 667.43 NOTE
r-patched-solaris-x86 0.1.2.0 869.70 NOTE
r-release-linux-x86_64 0.1.2.0 489.59 99.01 588.60 NOTE
r-release-windows-ix86+x86_64 0.1.2.0 28.00 7.00 35.00 ERROR
r-release-osx-x86_64 0.1.2.0 NOTE
r-oldrel-windows-ix86+x86_64 0.1.2.0 241.00 7.00 248.00 ERROR
r-oldrel-osx-x86_64 0.1.2.0 NOTE

Check Details

Version: 0.1.2.0
Check: for GNU extensions in Makefiles
Result: NOTE
    GNU make is a SystemRequirements.
Flavors: r-devel-linux-x86_64-debian-clang, r-devel-linux-x86_64-debian-gcc, r-devel-linux-x86_64-fedora-clang, r-devel-linux-x86_64-fedora-gcc, r-devel-windows-ix86+x86_64, r-devel-windows-ix86+x86_64-gcc8, r-patched-linux-x86_64, r-patched-solaris-x86, r-release-linux-x86_64, r-release-osx-x86_64, r-oldrel-osx-x86_64

Version: 0.1.2.0
Check: installed package size
Result: NOTE
     installed size is 93.1Mb
     sub-directories of 1Mb or more:
     libs 92.7Mb
Flavors: r-devel-linux-x86_64-fedora-clang, r-devel-windows-ix86+x86_64, r-devel-windows-ix86+x86_64-gcc8, r-patched-solaris-x86, r-release-osx-x86_64, r-oldrel-osx-x86_64

Version: 0.1.2.0
Check: whether package can be installed
Result: ERROR
    Installation failed.
Flavors: r-release-windows-ix86+x86_64, r-oldrel-windows-ix86+x86_64